CRAN Package Check Results for Package CAISEr

Last updated on 2021-12-03 19:50:05 CET.

Flavor Version Tinstall Tcheck Ttotal Status Flags
r-devel-linux-x86_64-debian-clang 1.0.16 4.26 117.26 121.52 NOTE
r-devel-linux-x86_64-debian-gcc 1.0.16 2.45 96.02 98.47 NOTE
r-devel-linux-x86_64-fedora-clang 1.0.16 166.25 NOTE
r-devel-linux-x86_64-fedora-gcc 1.0.16 150.55 NOTE
r-devel-windows-x86_64-new-UL 1.0.16 11.00 207.00 218.00 NOTE
r-devel-windows-x86_64-new-TK 1.0.16 NOTE
r-devel-windows-x86_64-old 1.0.16 6.00 153.00 159.00 NOTE
r-patched-linux-x86_64 1.0.16 3.85 63.75 67.60 NOTE
r-release-linux-x86_64 1.0.16 4.54 60.27 64.81 NOTE
r-release-macos-arm64 1.0.16 NOTE
r-release-macos-x86_64 1.0.16 NOTE
r-release-windows-ix86+x86_64 1.0.16 8.00 89.00 97.00 NOTE
r-oldrel-macos-x86_64 1.0.16 OK
r-oldrel-windows-ix86+x86_64 1.0.16 8.00 89.00 97.00 OK

Check Details

Version: 1.0.16
Check: LazyData
Result: NOTE
     'LazyData' is specified without a 'data' directory
Flavors: r-devel-linux-x86_64-debian-clang, r-devel-linux-x86_64-debian-gcc, r-devel-linux-x86_64-fedora-clang, r-devel-linux-x86_64-fedora-gcc, r-devel-windows-x86_64-new-UL, r-devel-windows-x86_64-new-TK, r-devel-windows-x86_64-old, r-patched-linux-x86_64, r-release-linux-x86_64, r-release-macos-arm64, r-release-macos-x86_64, r-release-windows-ix86+x86_64