CRAN Package Check Results for Package CARlasso

Last updated on 2024-02-28 19:49:31 CET.

Flavor Version Tinstall Tcheck Ttotal Status Flags
r-devel-linux-x86_64-debian-clang 0.1.2 305.05 127.68 432.73 WARN
r-devel-linux-x86_64-debian-gcc 0.1.2 266.04 95.23 361.27 NOTE
r-devel-linux-x86_64-fedora-clang 0.1.2 699.28 NOTE
r-devel-linux-x86_64-fedora-gcc 0.1.2 683.58 NOTE
r-devel-windows-x86_64 0.1.2 236.00 139.00 375.00 NOTE
r-patched-linux-x86_64 0.1.2 231.61 122.07 353.68 NOTE
r-release-linux-x86_64 0.1.2 230.88 122.08 352.96 NOTE
r-release-macos-arm64 0.1.2 157.00 NOTE
r-release-macos-x86_64 0.1.2 247.00 NOTE
r-release-windows-x86_64 0.1.2 313.00 167.00 480.00 NOTE
r-oldrel-macos-arm64 0.1.2 130.00 NOTE
r-oldrel-windows-x86_64 0.1.2 298.00 157.00 455.00 OK

Check Details

Version: 0.1.2
Check: whether package can be installed
Result: WARN Found the following significant warnings: graphical-intercept-ALASSO.cpp:151:25: warning: using integer absolute value function 'abs' when argument is of floating point type [-Wabsolute-value] graphical-intercept-ALASSO.cpp:414:25: warning: using integer absolute value function 'abs' when argument is of floating point type [-Wabsolute-value] See ‘/home/hornik/tmp/R.check/r-devel-clang/Work/PKGS/CARlasso.Rcheck/00install.out’ for details. * used C++ compiler: ‘Debian clang version 17.0.6 (5)’ Flavor: r-devel-linux-x86_64-debian-clang

Version: 0.1.2
Check: C++ specification
Result: NOTE Specified C++11: please drop specification unless essential Flavors: r-devel-linux-x86_64-debian-clang, r-devel-linux-x86_64-debian-gcc, r-devel-linux-x86_64-fedora-clang, r-devel-linux-x86_64-fedora-gcc, r-devel-windows-x86_64, r-patched-linux-x86_64, r-release-linux-x86_64, r-release-macos-arm64, r-release-macos-x86_64, r-release-windows-x86_64

Version: 0.1.2
Check: Rd files
Result: NOTE checkRd: (-1) CARlasso.Rd:65-77: Lost braces in \itemize; \value handles \item{}{} directly checkRd: (-1) CARlasso.Rd:67: Lost braces in \itemize; \value handles \item{}{} directly checkRd: (-1) CARlasso.Rd:68: Lost braces in \itemize; \value handles \item{}{} directly checkRd: (-1) CARlasso.Rd:69-75: Lost braces in \itemize; \value handles \item{}{} directly checkRd: (-1) CARlasso.Rd:71: Lost braces in \itemize; \value handles \item{}{} directly checkRd: (-1) CARlasso.Rd:72: Lost braces in \itemize; \value handles \item{}{} directly checkRd: (-1) CARlasso.Rd:73: Lost braces in \itemize; \value handles \item{}{} directly checkRd: (-1) CARlasso.Rd:78-83: Lost braces in \itemize; \value handles \item{}{} directly checkRd: (-1) CARlasso.Rd:80: Lost braces in \itemize; \value handles \item{}{} directly checkRd: (-1) CARlasso.Rd:81: Lost braces in \itemize; \value handles \item{}{} directly checkRd: (-1) CARlasso.Rd:85-90: Lost braces in \itemize; \value handles \item{}{} directly checkRd: (-1) CARlasso.Rd:87: Lost braces in \itemize; \value handles \item{}{} directly checkRd: (-1) CARlasso.Rd:88: Lost braces in \itemize; \value handles \item{}{} directly checkRd: (-1) CARlasso.Rd:92: Lost braces in \itemize; \value handles \item{}{} directly checkRd: (-1) CARlasso.Rd:93-102: Lost braces in \itemize; \value handles \item{}{} directly checkRd: (-1) CARlasso.Rd:95: Lost braces in \itemize; \value handles \item{}{} directly checkRd: (-1) CARlasso.Rd:96: Lost braces in \itemize; \value handles \item{}{} directly checkRd: (-1) CARlasso.Rd:97: Lost braces in \itemize; \value handles \item{}{} directly checkRd: (-1) CARlasso.Rd:98: Lost braces in \itemize; \value handles \item{}{} directly checkRd: (-1) CARlasso.Rd:99: Lost braces in \itemize; \value handles \item{}{} directly checkRd: (-1) CARlasso.Rd:100: Lost braces in \itemize; \value handles \item{}{} directly checkRd: (-1) bGlasso.Rd:50-54: Lost braces in \itemize; \value handles \item{}{} directly checkRd: (-1) bGlasso.Rd:52: Lost braces in \itemize; \value handles \item{}{} directly checkRd: (-1) bGlasso.Rd:55-59: Lost braces in \itemize; \value handles \item{}{} directly checkRd: (-1) bGlasso.Rd:57: Lost braces in \itemize; \value handles \item{}{} directly checkRd: (-1) bGlasso.Rd:61-65: Lost braces in \itemize; \value handles \item{}{} directly checkRd: (-1) bGlasso.Rd:63: Lost braces in \itemize; \value handles \item{}{} directly checkRd: (-1) bGlasso.Rd:67: Lost braces in \itemize; \value handles \item{}{} directly checkRd: (-1) bGlasso.Rd:68-74: Lost braces in \itemize; \value handles \item{}{} directly checkRd: (-1) bGlasso.Rd:70: Lost braces in \itemize; \value handles \item{}{} directly checkRd: (-1) bGlasso.Rd:71: Lost braces in \itemize; \value handles \item{}{} directly checkRd: (-1) bGlasso.Rd:72: Lost braces in \itemize; \value handles \item{}{} directly checkRd: (-1) plot.bglasso_out.Rd:13: Lost braces in \itemize; meant \describe ? checkRd: (-1) plot.carlasso_out.Rd:13: Lost braces in \itemize; meant \describe ? Flavors: r-devel-linux-x86_64-debian-clang, r-devel-linux-x86_64-debian-gcc, r-devel-linux-x86_64-fedora-clang, r-devel-linux-x86_64-fedora-gcc

Version: 0.1.2
Check: installed package size
Result: NOTE installed size is 10.1Mb sub-directories of 1Mb or more: libs 9.8Mb Flavors: r-release-macos-arm64, r-release-macos-x86_64, r-oldrel-macos-arm64