CRAN Package Check Results for Package CATkit

Last updated on 2021-12-03 19:50:05 CET.

Flavor Version Tinstall Tcheck Ttotal Status Flags
r-devel-linux-x86_64-debian-clang 3.3.3 18.51 130.22 148.73 NOTE
r-devel-linux-x86_64-debian-gcc 3.3.3 15.16 96.50 111.66 NOTE
r-devel-linux-x86_64-fedora-clang 3.3.3 187.60 NOTE
r-devel-linux-x86_64-fedora-gcc 3.3.3 186.05 NOTE
r-devel-windows-x86_64-new-UL 3.3.3 31.00 160.00 191.00 NOTE
r-devel-windows-x86_64-new-TK 3.3.3 NOTE
r-devel-windows-x86_64-old 3.3.3 28.00 115.00 143.00 NOTE
r-patched-linux-x86_64 3.3.3 12.29 124.77 137.06 NOTE
r-release-linux-x86_64 3.3.3 16.17 121.51 137.68 NOTE
r-release-macos-arm64 3.3.3 NOTE
r-release-macos-x86_64 3.3.3 NOTE
r-release-windows-ix86+x86_64 3.3.3 38.00 153.00 191.00 NOTE
r-oldrel-macos-x86_64 3.3.3 OK
r-oldrel-windows-ix86+x86_64 3.3.3 38.00 147.00 185.00 OK

Check Details

Version: 3.3.3
Check: LazyData
Result: NOTE
     'LazyData' is specified without a 'data' directory
Flavors: r-devel-linux-x86_64-debian-clang, r-devel-linux-x86_64-debian-gcc, r-devel-linux-x86_64-fedora-clang, r-devel-linux-x86_64-fedora-gcc, r-devel-windows-x86_64-new-UL, r-devel-windows-x86_64-new-TK, r-devel-windows-x86_64-old, r-patched-linux-x86_64, r-release-linux-x86_64, r-release-macos-arm64, r-release-macos-x86_64, r-release-windows-ix86+x86_64