CRAN Package Check Results for Package CCTpack

Last updated on 2024-06-15 22:20:38 CEST.

Flavor Version Tinstall Tcheck Ttotal Status Flags
r-devel-linux-x86_64-debian-clang 1.5.2 19.96 92.65 112.61 NOTE
r-devel-linux-x86_64-debian-gcc 1.5.2 15.18 67.27 82.45 NOTE
r-devel-linux-x86_64-fedora-clang 1.5.2 142.06 NOTE
r-devel-linux-x86_64-fedora-gcc 1.5.2 133.39 NOTE
r-devel-windows-x86_64 1.5.2 12.00 74.00 86.00 OK
r-patched-linux-x86_64 1.5.2 22.94 88.47 111.41 NOTE
r-release-linux-x86_64 1.5.2 19.39 89.59 108.98 NOTE
r-release-macos-arm64 1.5.2 127.00 OK
r-release-macos-x86_64 1.5.2 96.00 OK
r-release-windows-x86_64 1.5.2 13.00 76.00 89.00 OK
r-oldrel-macos-arm64 1.5.2 38.00 OK
r-oldrel-macos-x86_64 1.5.2 58.00 OK
r-oldrel-windows-x86_64 1.5.2 17.00 89.00 106.00 OK

Check Details

Version: 1.5.2
Check: for non-standard things in the check directory
Result: NOTE Found the following files/directories: ‘hotcold.csv’ Flavors: r-devel-linux-x86_64-debian-clang, r-devel-linux-x86_64-debian-gcc, r-devel-linux-x86_64-fedora-clang, r-devel-linux-x86_64-fedora-gcc, r-patched-linux-x86_64, r-release-linux-x86_64