CRAN Package Check Results for Package CERFIT

Last updated on 2024-02-22 19:55:28 CET.

Flavor Version Tinstall Tcheck Ttotal Status Flags
r-devel-linux-x86_64-debian-clang 0.1.0 NOTE
r-devel-linux-x86_64-debian-gcc 0.1.0 38.91 60.48 99.39 NOTE
r-devel-linux-x86_64-fedora-clang 0.1.0 172.51 NOTE
r-devel-linux-x86_64-fedora-gcc 0.1.0 169.14 NOTE
r-devel-windows-x86_64 0.1.0 39.00 96.00 135.00 NOTE
r-patched-linux-x86_64 0.1.0 38.82 78.36 117.18 NOTE
r-release-linux-x86_64 0.1.0 39.34 79.73 119.07 NOTE
r-release-macos-arm64 0.1.0 48.00 NOTE
r-release-macos-x86_64 0.1.0 79.00 NOTE
r-release-windows-x86_64 0.1.0 51.00 111.00 162.00 NOTE
r-oldrel-macos-arm64 0.1.0 43.00 OK
r-oldrel-windows-x86_64 0.1.0 51.00 106.00 157.00 OK

Check Details

Version: 0.1.0
Check: C++ specification
Result: NOTE Specified C++11: please drop specification unless essential Flavors: r-devel-linux-x86_64-debian-clang, r-devel-linux-x86_64-debian-gcc, r-devel-linux-x86_64-fedora-clang, r-devel-linux-x86_64-fedora-gcc, r-devel-windows-x86_64, r-patched-linux-x86_64, r-release-linux-x86_64, r-release-macos-arm64, r-release-macos-x86_64, r-release-windows-x86_64