CRAN Package Check Results for Package CGPfunctions

Last updated on 2022-01-28 19:50:50 CET.

Flavor Version Tinstall Tcheck Ttotal Status Flags
r-devel-linux-x86_64-debian-clang 0.6.3 22.24 273.40 295.64 OK
r-devel-linux-x86_64-debian-gcc 0.6.3 15.23 194.79 210.02 OK
r-devel-linux-x86_64-fedora-clang 0.6.3 341.30 OK
r-devel-linux-x86_64-fedora-gcc 0.6.3 344.25 OK
r-devel-windows-x86_64-new-UL 0.6.3 92.00 330.00 422.00 OK
r-devel-windows-x86_64-new-TK 0.6.3 ERROR
r-patched-linux-x86_64 0.6.3 14.66 245.65 260.31 OK
r-release-linux-x86_64 0.6.3 12.99 243.77 256.76 OK
r-release-macos-arm64 0.6.3 OK
r-release-macos-x86_64 0.6.3 OK
r-release-windows-ix86+x86_64 0.6.3 44.00 286.00 330.00 OK
r-oldrel-macos-x86_64 0.6.3 OK
r-oldrel-windows-ix86+x86_64 0.6.3 45.00 296.00 341.00 OK

Check Details

Version: 0.6.3
Check: package dependencies
Result: ERROR
    Package required but not available: 'sjstats'
    
    See section 'The DESCRIPTION file' in the 'Writing R Extensions'
    manual.
Flavor: r-devel-windows-x86_64-new-TK