CRAN Package Check Results for Package CIEE

Last updated on 2022-01-23 19:48:24 CET.

Flavor Version Tinstall Tcheck Ttotal Status Flags
r-devel-linux-x86_64-debian-clang 0.1.1 3.64 68.87 72.51 NOTE
r-devel-linux-x86_64-debian-gcc 0.1.1 2.83 56.78 59.61 NOTE
r-devel-linux-x86_64-fedora-clang 0.1.1 92.59 NOTE
r-devel-linux-x86_64-fedora-gcc 0.1.1 76.49 NOTE
r-devel-windows-x86_64-new-UL 0.1.1 21.00 101.00 122.00 NOTE
r-devel-windows-x86_64-new-TK 0.1.1 NOTE
r-patched-linux-x86_64 0.1.1 2.56 65.04 67.60 NOTE
r-release-linux-x86_64 0.1.1 2.25 66.65 68.90 NOTE
r-release-macos-arm64 0.1.1 NOTE
r-release-macos-x86_64 0.1.1 NOTE
r-release-windows-ix86+x86_64 0.1.1 10.00 85.00 95.00 NOTE
r-oldrel-macos-x86_64 0.1.1 OK
r-oldrel-windows-ix86+x86_64 0.1.1 7.00 84.00 91.00 OK

Check Details

Version: 0.1.1
Check: LazyData
Result: NOTE
     'LazyData' is specified without a 'data' directory
Flavors: r-devel-linux-x86_64-debian-clang, r-devel-linux-x86_64-debian-gcc, r-devel-linux-x86_64-fedora-clang, r-devel-linux-x86_64-fedora-gcc, r-devel-windows-x86_64-new-UL, r-devel-windows-x86_64-new-TK, r-patched-linux-x86_64, r-release-linux-x86_64, r-release-macos-arm64, r-release-macos-x86_64, r-release-windows-ix86+x86_64