CRAN Package Check Results for Package CINNA

Last updated on 2022-01-16 19:49:21 CET.

Flavor Version Tinstall Tcheck Ttotal Status Flags
r-devel-linux-x86_64-debian-clang 1.1.55 15.52 158.66 174.18 OK
r-devel-linux-x86_64-debian-gcc 1.1.55 13.46 136.76 150.22 OK
r-devel-linux-x86_64-fedora-clang 1.1.55 223.32 NOTE
r-devel-linux-x86_64-fedora-gcc 1.1.55 193.69 NOTE
r-devel-windows-x86_64-new-UL 1.1.55 41.00 181.00 222.00 OK
r-devel-windows-x86_64-new-TK 1.1.55 ERROR
r-patched-linux-x86_64 1.1.55 14.51 152.81 167.32 OK
r-release-linux-x86_64 1.1.55 OK
r-release-macos-arm64 1.1.55 NOTE
r-release-macos-x86_64 1.1.55 NOTE
r-release-windows-ix86+x86_64 1.1.55 25.00 174.00 199.00 OK
r-oldrel-macos-x86_64 1.1.55 NOTE
r-oldrel-windows-ix86+x86_64 1.1.55 34.00 176.00 210.00 OK

Check Details

Version: 1.1.55
Check: dependencies in R code
Result: NOTE
    Namespace in Imports field not imported from: ‘circlize’
     All declared Imports should be used.
Flavors: r-devel-linux-x86_64-fedora-clang, r-devel-linux-x86_64-fedora-gcc, r-release-macos-arm64, r-release-macos-x86_64, r-oldrel-macos-x86_64

Version: 1.1.55
Check: package dependencies
Result: ERROR
    Packages required but not available: 'FactoMineR', 'factoextra'
    
    See section 'The DESCRIPTION file' in the 'Writing R Extensions'
    manual.
Flavor: r-devel-windows-x86_64-new-TK