CRAN Package Check Results for Package CKLRT

Last updated on 2021-05-17 21:49:30 CEST.

Flavor Version Tinstall Tcheck Ttotal Status Flags
r-devel-linux-x86_64-debian-clang 0.2.3 50.49 74.16 124.65 NOTE
r-devel-linux-x86_64-debian-gcc 0.2.3 40.08 58.99 99.07 NOTE
r-devel-linux-x86_64-fedora-clang 0.2.3 172.64 NOTE
r-devel-linux-x86_64-fedora-gcc 0.2.3 160.70 NOTE
r-devel-windows-ix86+x86_64 0.2.3 114.00 121.00 235.00 NOTE
r-devel-windows-x86_64-gcc10-UCRT 0.2.3 NOTE
r-patched-linux-x86_64 0.2.3 47.38 73.06 120.44 NOTE
r-patched-solaris-x86 0.2.3 200.90 NOTE
r-release-linux-x86_64 0.2.3 47.27 70.85 118.12 OK
r-release-macos-x86_64 0.2.3 NOTE
r-release-windows-ix86+x86_64 0.2.3 80.00 112.00 192.00 OK
r-oldrel-macos-x86_64 0.2.3 NOTE
r-oldrel-windows-ix86+x86_64 0.2.3 75.00 128.00 203.00 OK

Check Details

Version: 0.2.3
Check: LazyData
Result: NOTE
     'LazyData' is specified without a 'data' directory
Flavors: r-devel-linux-x86_64-debian-clang, r-devel-linux-x86_64-debian-gcc, r-devel-linux-x86_64-fedora-clang, r-devel-linux-x86_64-fedora-gcc, r-devel-windows-ix86+x86_64, r-devel-windows-x86_64-gcc10-UCRT, r-patched-linux-x86_64, r-patched-solaris-x86

Version: 0.2.3
Check: installed package size
Result: NOTE
     installed size is 12.9Mb
     sub-directories of 1Mb or more:
     libs 12.6Mb
Flavors: r-devel-linux-x86_64-fedora-clang, r-release-macos-x86_64, r-oldrel-macos-x86_64