Last updated on 2025-01-23 20:48:23 CET.
Flavor | Version | Tinstall | Tcheck | Ttotal | Status | Flags |
---|---|---|---|---|---|---|
r-devel-linux-x86_64-debian-clang | 0.1.0 | 4.71 | 39.87 | 44.58 | OK | |
r-devel-linux-x86_64-debian-gcc | 0.1.0 | 3.25 | 28.36 | 31.61 | NOTE | |
r-devel-linux-x86_64-fedora-clang | 0.1.0 | 72.46 | OK | |||
r-devel-linux-x86_64-fedora-gcc | 0.1.0 | 80.13 | OK | |||
r-devel-windows-x86_64 | 0.1.0 | 6.00 | 59.00 | 65.00 | OK | |
r-patched-linux-x86_64 | 0.1.0 | 4.48 | 36.48 | 40.96 | OK | |
r-release-linux-x86_64 | 0.1.0 | 3.74 | 37.27 | 41.01 | OK | |
r-release-macos-arm64 | 0.1.0 | 30.00 | OK | |||
r-release-macos-x86_64 | 0.1.0 | 44.00 | OK | |||
r-release-windows-x86_64 | 0.1.0 | 6.00 | 57.00 | 63.00 | OK | |
r-oldrel-macos-arm64 | 0.1.0 | 31.00 | OK | |||
r-oldrel-macos-x86_64 | 0.1.0 | 70.00 | OK | |||
r-oldrel-windows-x86_64 | 0.1.0 | 7.00 | 63.00 | 70.00 | OK |
Version: 0.1.0
Check: DESCRIPTION meta-information
Result: NOTE
Missing dependency on R >= 4.1.0 because package code uses the pipe
|> or function shorthand \(...) syntax added in R 4.1.0.
File(s) using such syntax:
‘bias_df_combined.R’ ‘create_table_ep_15.R’
‘precision_calculate_aov_info.R’
Flavor: r-devel-linux-x86_64-debian-gcc