CRAN Package Check Results for Package CNVScope

Last updated on 2022-09-25 21:54:47 CEST.

Flavor Version Tinstall Tcheck Ttotal Status Flags
r-devel-linux-x86_64-debian-clang 3.7.2 75.22 669.62 744.84 OK
r-devel-linux-x86_64-debian-gcc 3.7.2 64.22 504.77 568.99 OK
r-devel-linux-x86_64-fedora-clang 3.7.2 961.82 NOTE
r-devel-linux-x86_64-fedora-gcc 3.7.2 982.60 NOTE
r-devel-windows-x86_64 3.7.2 99.00 699.00 798.00 NOTE
r-patched-linux-x86_64 3.7.2 71.68 641.36 713.04 OK
r-release-linux-x86_64 3.7.2 66.57 636.84 703.41 OK
r-release-macos-arm64 3.7.2 6.00 ERROR
r-release-macos-x86_64 3.7.2 398.00 NOTE
r-release-windows-x86_64 3.7.2 128.00 677.00 805.00 NOTE
r-oldrel-macos-arm64 3.7.2 254.00 NOTE
r-oldrel-macos-x86_64 3.7.2 317.00 NOTE
r-oldrel-windows-ix86+x86_64 3.7.2 151.00 704.00 855.00 NOTE

Check Details

Version: 3.7.2
Check: installed package size
Result: NOTE
     installed size is 5.2Mb
     sub-directories of 1Mb or more:
     doc 3.2Mb
     extdata 1.7Mb
Flavors: r-devel-linux-x86_64-fedora-clang, r-devel-windows-x86_64, r-release-macos-x86_64, r-release-windows-x86_64, r-oldrel-macos-arm64, r-oldrel-macos-x86_64, r-oldrel-windows-ix86+x86_64

Version: 3.7.2
Check: dependencies in R code
Result: NOTE
    Namespace in Imports field not imported from: 'Hmisc'
     All declared Imports should be used.
Flavors: r-devel-linux-x86_64-fedora-clang, r-devel-linux-x86_64-fedora-gcc, r-release-macos-x86_64, r-oldrel-macos-arm64, r-oldrel-macos-x86_64

Version: 3.7.2
Check: package dependencies
Result: ERROR
    Package required but not available: ‘GenomicInteractions’
    
    Package suggested but not available for checking: ‘BSgenome.Hsapiens.UCSC.hg19’
    
    See section ‘The DESCRIPTION file’ in the ‘Writing R Extensions’
    manual.
Flavor: r-release-macos-arm64

Version: 3.7.2
Check: package dependencies
Result: NOTE
    Package suggested but not available for checking: ‘BSgenome.Hsapiens.UCSC.hg19’
Flavor: r-release-macos-x86_64