Last updated on 2022-05-27 21:51:18 CEST.
Flavor | Version | Tinstall | Tcheck | Ttotal | Status | Flags |
---|---|---|---|---|---|---|
r-devel-linux-x86_64-debian-clang | 1.0.2 | 1.98 | 36.22 | 38.20 | OK | |
r-devel-linux-x86_64-debian-gcc | 1.0.2 | 2.10 | 28.39 | 30.49 | OK | |
r-devel-linux-x86_64-fedora-clang | 1.0.2 | 51.26 | OK | |||
r-devel-linux-x86_64-fedora-gcc | 1.0.2 | 50.35 | OK | |||
r-devel-windows-x86_64 | 1.0.2 | 11.00 | 54.00 | 65.00 | OK | |
r-patched-linux-x86_64 | 1.0.2 | 2.59 | 36.21 | 38.80 | OK | |
r-release-linux-x86_64 | 1.0.2 | 2.51 | 36.79 | 39.30 | OK | |
r-release-macos-arm64 | 1.0.2 | 15.00 | NOTE | |||
r-release-macos-x86_64 | 1.0.2 | 24.00 | OK | |||
r-release-windows-x86_64 | 1.0.2 | 5.00 | 51.00 | 56.00 | OK | |
r-oldrel-macos-arm64 | 1.0.2 | 23.00 | OK | |||
r-oldrel-macos-x86_64 | 1.0.2 | 30.00 | OK | |||
r-oldrel-windows-ix86+x86_64 | 1.0.2 | 7.00 | 42.00 | 49.00 | OK |
Version: 1.0.2
Check: package dependencies
Result: NOTE
Package suggested but not available for checking: ‘limma’
Flavor: r-release-macos-arm64