CRAN Package Check Results for Package COSINE

Last updated on 2021-11-29 19:51:26 CET.

Flavor Version Tinstall Tcheck Ttotal Status Flags
r-devel-linux-x86_64-debian-clang 2.1 3.46 34.79 38.25 NOTE
r-devel-linux-x86_64-debian-gcc 2.1 2.51 27.71 30.22 NOTE
r-devel-linux-x86_64-fedora-clang 2.1 58.98 NOTE
r-devel-linux-x86_64-fedora-gcc 2.1 49.90 NOTE
r-devel-windows-x86_64-new-UL 2.1 15.00 70.00 85.00 NOTE
r-devel-windows-x86_64-new-TK 2.1 NOTE
r-devel-windows-x86_64-old 2.1 11.00 43.00 54.00 NOTE
r-patched-linux-x86_64 2.1 3.86 34.41 38.27 NOTE
r-patched-solaris-x86 2.1 74.50 NOTE
r-release-linux-x86_64 2.1 3.26 34.35 37.61 NOTE
r-release-macos-arm64 2.1 NOTE
r-release-macos-x86_64 2.1 NOTE
r-release-windows-ix86+x86_64 2.1 12.00 46.00 58.00 NOTE
r-oldrel-macos-x86_64 2.1 NOTE
r-oldrel-windows-ix86+x86_64 2.1 9.00 58.00 67.00 NOTE

Check Details

Version: 2.1
Check: DESCRIPTION meta-information
Result: NOTE
    Malformed Description field: should contain one or more complete sentences.
Flavors: r-devel-linux-x86_64-debian-clang, r-devel-linux-x86_64-debian-gcc, r-devel-linux-x86_64-fedora-clang, r-devel-linux-x86_64-fedora-gcc, r-devel-windows-x86_64-new-UL, r-devel-windows-x86_64-new-TK, r-devel-windows-x86_64-old, r-patched-linux-x86_64, r-patched-solaris-x86, r-release-linux-x86_64, r-release-macos-arm64, r-release-macos-x86_64, r-release-windows-ix86+x86_64, r-oldrel-macos-x86_64, r-oldrel-windows-ix86+x86_64

Version: 2.1
Check: R code for possible problems
Result: NOTE
    GA_search : subset_score: no visible global function definition for
     'combn'
    choose_lambda : subset_score: no visible global function definition for
     'combn'
    cond.fyx: no visible global function definition for 'var'
    cond.fyx: no visible global function definition for 'cor'
    diff_gen_PPI: no visible global function definition for 'cov'
    diff_gen_PPI: no visible global function definition for 'sd'
    f.test: no visible binding for global variable 'var'
    get_quantiles : node_edge: no visible global function definition for
     'combn'
    score_scaling: no visible global function definition for 'hist'
    score_scaling: no visible global function definition for 'sd'
    Undefined global functions or variables:
     combn cor cov hist sd var
    Consider adding
     importFrom("graphics", "hist")
     importFrom("stats", "cor", "cov", "sd", "var")
     importFrom("utils", "combn")
    to your NAMESPACE file.
Flavors: r-devel-linux-x86_64-debian-clang, r-devel-linux-x86_64-debian-gcc, r-devel-linux-x86_64-fedora-clang, r-devel-linux-x86_64-fedora-gcc, r-devel-windows-x86_64-new-UL, r-devel-windows-x86_64-new-TK, r-devel-windows-x86_64-old, r-patched-linux-x86_64, r-patched-solaris-x86, r-release-linux-x86_64, r-release-macos-arm64, r-release-macos-x86_64, r-release-windows-ix86+x86_64, r-oldrel-macos-x86_64, r-oldrel-windows-ix86+x86_64