CRAN Package Check Results for Package COUSCOus

Last updated on 2022-05-27 21:51:19 CEST.

Flavor Version Tinstall Tcheck Ttotal Status Flags
r-devel-linux-x86_64-debian-clang 1.0.0 4.67 42.82 47.49 OK
r-devel-linux-x86_64-debian-gcc 1.0.0 3.67 33.96 37.63 OK
r-devel-linux-x86_64-fedora-clang 1.0.0 59.17 NOTE
r-devel-linux-x86_64-fedora-gcc 1.0.0 59.95 NOTE
r-devel-windows-x86_64 1.0.0 19.00 59.00 78.00 OK
r-patched-linux-x86_64 1.0.0 3.94 41.26 45.20 OK
r-release-linux-x86_64 1.0.0 3.87 43.06 46.93 OK
r-release-macos-arm64 1.0.0 20.00 OK
r-release-macos-x86_64 1.0.0 30.00 OK
r-release-windows-x86_64 1.0.0 16.00 61.00 77.00 OK
r-oldrel-macos-arm64 1.0.0 27.00 OK
r-oldrel-macos-x86_64 1.0.0 37.00 OK
r-oldrel-windows-ix86+x86_64 1.0.0 15.00 66.00 81.00 OK

Check Details

Version: 1.0.0
Check: compiled code
Result: NOTE
    File ‘COUSCOus/libs/COUSCOus.so’:
     Found no calls to: ‘R_registerRoutines’, ‘R_useDynamicSymbols’
    
    It is good practice to register native routines and to disable symbol
    search.
    
    See ‘Writing portable packages’ in the ‘Writing R Extensions’ manual.
Flavors: r-devel-linux-x86_64-fedora-clang, r-devel-linux-x86_64-fedora-gcc