CRAN Package Check Results for Package CREAM

Last updated on 2021-11-29 19:51:26 CET.

Flavor Version Tinstall Tcheck Ttotal Status Flags
r-devel-linux-x86_64-debian-clang 1.1.1 2.16 23.99 26.15 NOTE
r-devel-linux-x86_64-debian-gcc 1.1.1 1.64 19.55 21.19 NOTE
r-devel-linux-x86_64-fedora-clang 1.1.1 43.32 NOTE
r-devel-linux-x86_64-fedora-gcc 1.1.1 34.30 NOTE
r-devel-windows-x86_64-new-UL 1.1.1 6.00 64.00 70.00 NOTE
r-devel-windows-x86_64-new-TK 1.1.1 NOTE
r-devel-windows-x86_64-old 1.1.1 5.00 33.00 38.00 NOTE
r-patched-linux-x86_64 1.1.1 1.93 23.63 25.56 NOTE
r-patched-solaris-x86 1.1.1 50.50 NOTE
r-release-linux-x86_64 1.1.1 1.94 23.31 25.25 NOTE
r-release-macos-arm64 1.1.1 NOTE
r-release-macos-x86_64 1.1.1 NOTE
r-release-windows-ix86+x86_64 1.1.1 6.00 31.00 37.00 NOTE
r-oldrel-macos-x86_64 1.1.1 OK
r-oldrel-windows-ix86+x86_64 1.1.1 5.00 39.00 44.00 OK

Check Details

Version: 1.1.1
Check: LazyData
Result: NOTE
     'LazyData' is specified without a 'data' directory
Flavors: r-devel-linux-x86_64-debian-clang, r-devel-linux-x86_64-debian-gcc, r-devel-linux-x86_64-fedora-clang, r-devel-linux-x86_64-fedora-gcc, r-devel-windows-x86_64-new-UL, r-devel-windows-x86_64-new-TK, r-devel-windows-x86_64-old, r-patched-linux-x86_64, r-patched-solaris-x86, r-release-linux-x86_64, r-release-macos-arm64, r-release-macos-x86_64, r-release-windows-ix86+x86_64