CRAN Package Check Results for Package CSIndicators

Last updated on 2021-11-28 19:48:48 CET.

Flavor Version Tinstall Tcheck Ttotal Status Flags
r-devel-linux-x86_64-debian-clang 0.0.1 OK
r-devel-linux-x86_64-debian-gcc 0.0.1 8.21 133.96 142.17 OK
r-devel-linux-x86_64-fedora-clang 0.0.1 242.92 OK
r-devel-linux-x86_64-fedora-gcc 0.0.1 234.91 OK
r-devel-windows-x86_64-new-UL 0.0.1 21.00 235.00 256.00 OK
r-devel-windows-x86_64-new-TK 0.0.1 OK
r-devel-windows-x86_64-old 0.0.1 13.00 193.00 206.00 OK
r-patched-linux-x86_64 0.0.1 10.31 168.79 179.10 OK
r-patched-solaris-x86 0.0.1 274.70 OK
r-release-linux-x86_64 0.0.1 9.32 170.77 180.09 OK
r-release-macos-arm64 0.0.1 OK
r-release-macos-x86_64 0.0.1 ERROR
r-release-windows-ix86+x86_64 0.0.1 26.00 223.00 249.00 OK
r-oldrel-macos-x86_64 0.0.1 ERROR
r-oldrel-windows-ix86+x86_64 0.0.1 19.00 226.00 245.00 OK

Check Details

Version: 0.0.1
Check: tests
Result: ERROR
     Running ‘testthat.R’ [27s/32s]
    Running the tests in ‘tests/testthat.R’ failed.
    Last 13 lines of output:
     SelectPeriodOnDates(...) not equal to `output5`.
     Lengths differ: 92 is not 300
     ── Error (test-SelectPeriod.R:124:3): Decadal ──────────────────────────────────
     Error: Found one or more margin dimensions with the same name and different length in some of the input objects in 'data'.
     Backtrace:
     █
     1. ├─testthat::expect_equal(...) test-SelectPeriod.R:124:2
     2. │ └─testthat::quasi_label(enquo(object), label, arg = "object")
     3. │ └─rlang::eval_bare(expr, quo_get_env(quo))
     4. └─CSIndicators::SelectPeriodOnData(...)
     5. └─multiApply::Apply(...)
    
     [ FAIL 2 | WARN 28 | SKIP 0 | PASS 144 ]
     Error: Test failures
     Execution halted
Flavor: r-release-macos-x86_64

Version: 0.0.1
Check: tests
Result: ERROR
     Running ‘testthat.R’ [24s/24s]
    Running the tests in ‘tests/testthat.R’ failed.
    Last 13 lines of output:
     dim(result) <- length(result)
     names(dim(result)) <- names(dim(x))
     return(result)
     }, output_dims = time_dim, ncores = ncores)`: Found one or more margin dimensions with the same name and different length in some of the input objects in 'data'.
     Backtrace:
     █
     1. ├─testthat::expect_equal(...) test-SelectPeriod.R:124:2
     2. │ └─testthat::quasi_label(enquo(object), label, arg = "object")
     3. │ └─rlang::eval_bare(expr, quo_get_env(quo))
     4. └─CSIndicators::SelectPeriodOnData(...)
     5. └─multiApply::Apply(...)
    
     [ FAIL 2 | WARN 36 | SKIP 0 | PASS 144 ]
     Error: Test failures
     Execution halted
Flavor: r-oldrel-macos-x86_64