CRAN Package Check Results for Package CVThresh

Last updated on 2020-11-28 22:47:27 CET.

Flavor Version Tinstall Tcheck Ttotal Status Flags
r-devel-linux-x86_64-debian-clang 1.1.1 3.77 28.06 31.83 NOTE
r-devel-linux-x86_64-debian-gcc 1.1.1 2.71 21.62 24.33 NOTE
r-devel-linux-x86_64-fedora-clang 1.1.1 44.64 NOTE
r-devel-linux-x86_64-fedora-gcc 1.1.1 35.60 NOTE
r-devel-windows-ix86+x86_64 1.1.1 6.00 32.00 38.00 NOTE
r-patched-linux-x86_64 1.1.1 3.67 26.28 29.95 NOTE
r-patched-solaris-x86 1.1.1 54.40 NOTE
r-release-linux-x86_64 1.1.1 3.53 26.51 30.04 NOTE
r-release-macos-x86_64 1.1.1 NOTE
r-release-windows-ix86+x86_64 1.1.1 6.00 35.00 41.00 NOTE
r-oldrel-macos-x86_64 1.1.1 NOTE
r-oldrel-windows-ix86+x86_64 1.1.1 5.00 41.00 46.00 NOTE

Check Details

Version: 1.1.1
Check: R code for possible problems
Result: NOTE
    cvimpute.by.wavelet: no visible global function definition for 'sd'
    cvimpute.by.wavelet: no visible global function definition for 'mad'
    cvimpute.image.by.wavelet: no visible global function definition for
     'sd'
    cvimpute.image.by.wavelet: no visible global function definition for
     'mad'
    cvwavelet.image.after.impute: no visible global function definition for
     'sd'
    cvwavelet.image.after.impute: no visible global function definition for
     'mad'
    Undefined global functions or variables:
     mad sd
    Consider adding
     importFrom("stats", "mad", "sd")
    to your NAMESPACE file.
Flavors: r-devel-linux-x86_64-debian-clang, r-devel-linux-x86_64-debian-gcc, r-devel-linux-x86_64-fedora-clang, r-devel-linux-x86_64-fedora-gcc, r-devel-windows-ix86+x86_64, r-patched-linux-x86_64, r-patched-solaris-x86, r-release-linux-x86_64, r-release-macos-x86_64, r-release-windows-ix86+x86_64, r-oldrel-macos-x86_64, r-oldrel-windows-ix86+x86_64