CRAN Package Check Results for Package CaPO4Sim

Last updated on 2023-05-29 22:04:15 CEST.

Flavor Version Tinstall Tcheck Ttotal Status Flags
r-devel-linux-x86_64-debian-clang 0.2.0 7.57 51.13 58.70 NOTE
r-devel-linux-x86_64-debian-gcc 0.2.0 5.65 40.56 46.21 NOTE
r-devel-linux-x86_64-fedora-clang 0.2.0 74.79 NOTE
r-devel-linux-x86_64-fedora-gcc 0.2.0 74.10 NOTE
r-devel-windows-x86_64 0.2.0 9.00 64.00 73.00 NOTE
r-patched-linux-x86_64 0.2.0 12.83 50.62 63.45 NOTE
r-release-linux-x86_64 0.2.0 4.77 50.22 54.99 NOTE
r-release-macos-arm64 0.2.0 26.00 NOTE
r-release-macos-x86_64 0.2.0 37.00 NOTE
r-release-windows-x86_64 0.2.0 12.00 70.00 82.00 NOTE
r-oldrel-macos-arm64 0.2.0 24.00 NOTE
r-oldrel-macos-x86_64 0.2.0 41.00 NOTE
r-oldrel-windows-x86_64 0.2.0 12.00 71.00 83.00 NOTE

Check Details

Version: 0.2.0
Check: LazyData
Result: NOTE
     'LazyData' is specified without a 'data' directory
Flavors: r-devel-linux-x86_64-debian-clang, r-devel-linux-x86_64-debian-gcc, r-devel-linux-x86_64-fedora-clang, r-devel-linux-x86_64-fedora-gcc, r-devel-windows-x86_64, r-patched-linux-x86_64, r-release-linux-x86_64, r-release-macos-arm64, r-release-macos-x86_64, r-release-windows-x86_64, r-oldrel-macos-arm64, r-oldrel-macos-x86_64, r-oldrel-windows-x86_64

Version: 0.2.0
Check: dependencies in R code
Result: NOTE
    Namespaces in Imports field not imported from:
     ‘htmltools’ ‘shinydashboard’
     All declared Imports should be used.
Flavors: r-devel-linux-x86_64-fedora-clang, r-devel-linux-x86_64-fedora-gcc, r-oldrel-macos-arm64, r-oldrel-macos-x86_64