CRAN Package Check Results for Package Cairo

Last updated on 2022-01-22 20:48:31 CET.

Flavor Version Tinstall Tcheck Ttotal Status Flags
r-devel-linux-x86_64-debian-clang 1.5-14 8.77 33.51 42.28 NOTE
r-devel-linux-x86_64-debian-gcc 1.5-14 5.52 26.43 31.95 NOTE
r-devel-linux-x86_64-fedora-clang 1.5-14 54.77 NOTE
r-devel-linux-x86_64-fedora-gcc 1.5-14 41.05 NOTE
r-devel-windows-x86_64-new-UL 1.5-14 50.00 118.00 168.00 WARN
r-devel-windows-x86_64-new-TK 1.5-14 WARN
r-patched-linux-x86_64 1.5-14 5.84 32.63 38.47 NOTE
r-release-linux-x86_64 1.5-14 6.44 32.57 39.01 NOTE
r-release-macos-arm64 1.5-14 NOTE
r-release-macos-x86_64 1.5-14 NOTE
r-release-windows-ix86+x86_64 1.5-14 25.00 51.00 76.00 OK
r-oldrel-macos-x86_64 1.5-14 ERROR
r-oldrel-windows-ix86+x86_64 1.5-14 27.00 40.00 67.00 OK

Check Details

Version: 1.5-14
Check: compiled code
Result: NOTE
    File 'Cairo/libs/Cairo.so':
     Found non-API calls to R: 'R_InputHandlers', 'addInputHandler'
    
    Compiled code should not call non-API entry points in R.
    
    See 'Writing portable packages' in the 'Writing R Extensions' manual.
Flavors: r-devel-linux-x86_64-debian-clang, r-devel-linux-x86_64-debian-gcc, r-devel-linux-x86_64-fedora-clang, r-devel-linux-x86_64-fedora-gcc, r-patched-linux-x86_64, r-release-linux-x86_64, r-release-macos-arm64, r-release-macos-x86_64

Version: 1.5-14
Check: whether package can be installed
Result: WARN
    Found the following significant warnings:
     WARNING: failed to apply patch patches/CRAN/Cairo.diff
Flavors: r-devel-windows-x86_64-new-UL, r-devel-windows-x86_64-new-TK

Version: 1.5-14
Check: installed package size
Result: NOTE
     installed size is 8.3Mb
     sub-directories of 1Mb or more:
     libs 8.2Mb
Flavors: r-devel-windows-x86_64-new-UL, r-release-macos-arm64, r-release-macos-x86_64

Version: 1.5-14
Check: whether package can be installed
Result: ERROR
    Installation failed.
Flavor: r-oldrel-macos-x86_64