CRAN Package Check Results for Package CamelUp

Last updated on 2022-01-20 19:50:49 CET.

Flavor Version Tinstall Tcheck Ttotal Status Flags
r-devel-linux-x86_64-debian-clang 2.0.3 NOTE
r-devel-linux-x86_64-debian-gcc 2.0.3 87.16 67.80 154.96 NOTE
r-devel-linux-x86_64-fedora-clang 2.0.3 290.02 NOTE
r-devel-linux-x86_64-fedora-gcc 2.0.3 248.54 NOTE
r-devel-windows-x86_64-new-UL 2.0.3 107.00 133.00 240.00 NOTE
r-devel-windows-x86_64-new-TK 2.0.3 NOTE
r-patched-linux-x86_64 2.0.3 103.91 83.84 187.75 NOTE
r-release-linux-x86_64 2.0.3 102.07 84.99 187.06 NOTE
r-release-macos-arm64 2.0.3 NOTE
r-release-macos-x86_64 2.0.3 NOTE
r-release-windows-ix86+x86_64 2.0.3 250.00 146.00 396.00 NOTE
r-oldrel-macos-x86_64 2.0.3 NOTE
r-oldrel-windows-ix86+x86_64 2.0.3 251.00 156.00 407.00 OK

Check Details

Version: 2.0.3
Check: LazyData
Result: NOTE
     'LazyData' is specified without a 'data' directory
Flavors: r-devel-linux-x86_64-debian-clang, r-devel-linux-x86_64-debian-gcc, r-devel-linux-x86_64-fedora-clang, r-devel-linux-x86_64-fedora-gcc, r-devel-windows-x86_64-new-UL, r-devel-windows-x86_64-new-TK, r-patched-linux-x86_64, r-release-linux-x86_64, r-release-macos-arm64, r-release-macos-x86_64, r-release-windows-ix86+x86_64

Version: 2.0.3
Check: installed package size
Result: NOTE
     installed size is 9.5Mb
     sub-directories of 1Mb or more:
     libs 9.1Mb
Flavors: r-devel-linux-x86_64-fedora-clang, r-release-macos-arm64, r-release-macos-x86_64, r-oldrel-macos-x86_64