Last updated on 2022-05-27 21:51:18 CEST.
Flavor | Version | Tinstall | Tcheck | Ttotal | Status | Flags |
---|---|---|---|---|---|---|
r-devel-linux-x86_64-debian-clang | 0.2.1 | 10.95 | 118.66 | 129.61 | NOTE | |
r-devel-linux-x86_64-debian-gcc | 0.2.1 | 9.14 | 89.51 | 98.65 | NOTE | |
r-devel-linux-x86_64-fedora-clang | 0.2.1 | 154.08 | NOTE | |||
r-devel-linux-x86_64-fedora-gcc | 0.2.1 | 163.10 | NOTE | |||
r-devel-windows-x86_64 | 0.2.1 | 34.00 | 144.00 | 178.00 | NOTE | |
r-patched-linux-x86_64 | 0.2.1 | 8.47 | 113.72 | 122.19 | NOTE | |
r-release-linux-x86_64 | 0.2.1 | 8.84 | 113.43 | 122.27 | NOTE | |
r-release-macos-arm64 | 0.2.1 | 45.00 | NOTE | |||
r-release-macos-x86_64 | 0.2.1 | 72.00 | NOTE | |||
r-release-windows-x86_64 | 0.2.1 | 34.00 | 131.00 | 165.00 | NOTE | |
r-oldrel-macos-arm64 | 0.2.1 | 46.00 | NOTE | |||
r-oldrel-macos-x86_64 | 0.2.1 | 72.00 | NOTE | |||
r-oldrel-windows-ix86+x86_64 | 0.2.1 | 28.00 | 146.00 | 174.00 | NOTE |
Version: 0.2.1
Check: LazyData
Result: NOTE
'LazyData' is specified without a 'data' directory
Flavors: r-devel-linux-x86_64-debian-clang, r-devel-linux-x86_64-debian-gcc, r-devel-linux-x86_64-fedora-clang, r-devel-linux-x86_64-fedora-gcc, r-devel-windows-x86_64, r-patched-linux-x86_64, r-release-linux-x86_64, r-release-macos-arm64, r-release-macos-x86_64, r-release-windows-x86_64, r-oldrel-macos-arm64, r-oldrel-macos-x86_64, r-oldrel-windows-ix86+x86_64