CRAN Package Check Results for Package ChannelAttribution

Last updated on 2022-05-25 21:52:54 CEST.

Flavor Version Tinstall Tcheck Ttotal Status Flags
r-devel-linux-x86_64-debian-clang 2.0.5 31.81 39.01 70.82 WARN
r-devel-linux-x86_64-debian-gcc 2.0.5 25.98 29.86 55.84 OK
r-devel-linux-x86_64-fedora-clang 2.0.5 93.93 WARN
r-devel-linux-x86_64-fedora-gcc 2.0.5 95.88 OK
r-devel-windows-x86_64 2.0.5 44.00 77.00 121.00 OK
r-patched-linux-x86_64 2.0.5 27.62 37.06 64.68 OK
r-release-linux-x86_64 2.0.5 OK
r-release-macos-arm64 2.0.5 26.00 OK
r-release-macos-x86_64 2.0.5 33.00 OK
r-release-windows-x86_64 2.0.5 42.00 77.00 119.00 OK
r-oldrel-macos-arm64 2.0.5 26.00 OK
r-oldrel-macos-x86_64 2.0.5 35.00 OK
r-oldrel-windows-ix86+x86_64 2.0.5 72.00 77.00 149.00 OK

Additional issues

clang14

Check Details

Version: 2.0.5
Check: whether package can be installed
Result: WARN
    Found the following significant warnings:
     ChannelAttribution.cpp:694:9: warning: use of bitwise '&' with boolean operands [-Wbitwise-instead-of-logical]
     ChannelAttribution.cpp:696:15: warning: use of bitwise '&' with boolean operands [-Wbitwise-instead-of-logical]
Flavors: r-devel-linux-x86_64-debian-clang, r-devel-linux-x86_64-fedora-clang