CRAN Package Check Results for Package ChannelAttributionApp

Last updated on 2022-01-27 19:50:53 CET.

Flavor Version Tinstall Tcheck Ttotal Status Flags
r-devel-linux-x86_64-debian-clang 1.3 5.82 65.32 71.14 NOTE
r-devel-linux-x86_64-debian-gcc 1.3 4.95 49.87 54.82 NOTE
r-devel-linux-x86_64-fedora-clang 1.3 85.69 NOTE
r-devel-linux-x86_64-fedora-gcc 1.3 79.87 NOTE
r-devel-windows-x86_64-new-UL 1.3 35.00 85.00 120.00 NOTE
r-devel-windows-x86_64-new-TK 1.3 NOTE
r-patched-linux-x86_64 1.3 5.27 59.79 65.06 NOTE
r-release-linux-x86_64 1.3 5.56 58.82 64.38 NOTE
r-release-macos-arm64 1.3 NOTE
r-release-macos-x86_64 1.3 NOTE
r-release-windows-ix86+x86_64 1.3 15.00 75.00 90.00 NOTE
r-oldrel-macos-x86_64 1.3 OK
r-oldrel-windows-ix86+x86_64 1.3 16.00 78.00 94.00 OK

Check Details

Version: 1.3
Check: LazyData
Result: NOTE
     'LazyData' is specified without a 'data' directory
Flavors: r-devel-linux-x86_64-debian-clang, r-devel-linux-x86_64-debian-gcc, r-devel-linux-x86_64-fedora-clang, r-devel-linux-x86_64-fedora-gcc, r-devel-windows-x86_64-new-UL, r-devel-windows-x86_64-new-TK, r-patched-linux-x86_64, r-release-linux-x86_64, r-release-macos-arm64, r-release-macos-x86_64, r-release-windows-ix86+x86_64