Last updated on 2023-01-29 19:53:59 CET.
Flavor | Version | Tinstall | Tcheck | Ttotal | Status | Flags |
---|---|---|---|---|---|---|
r-devel-linux-x86_64-debian-clang | 0.9.0 | 163.66 | 50.93 | 214.59 | OK | |
r-devel-linux-x86_64-debian-gcc | 0.9.0 | 130.33 | 38.74 | 169.07 | NOTE | |
r-devel-linux-x86_64-fedora-clang | 0.9.0 | 349.37 | NOTE | |||
r-devel-linux-x86_64-fedora-gcc | 0.9.0 | 285.73 | NOTE | |||
r-devel-windows-x86_64 | 0.9.0 | 269.00 | 114.00 | 383.00 | NOTE | |
r-patched-linux-x86_64 | 0.9.0 | 135.15 | 49.34 | 184.49 | OK | |
r-release-linux-x86_64 | 0.9.0 | 134.11 | 48.27 | 182.38 | OK | |
r-release-macos-arm64 | 0.9.0 | 69.00 | NOTE | |||
r-release-macos-x86_64 | 0.9.0 | 120.00 | NOTE | |||
r-release-windows-x86_64 | 0.9.0 | 133.00 | 107.00 | 240.00 | OK | |
r-oldrel-macos-arm64 | 0.9.0 | 78.00 | NOTE | |||
r-oldrel-macos-x86_64 | 0.9.0 | 147.00 | NOTE | |||
r-oldrel-windows-ix86+x86_64 | 0.9.0 | 416.00 | 137.00 | 553.00 | NOTE |
Version: 0.9.0
Check: C++ specification
Result: NOTE
Specified C++11: please update to current default of C++17
Flavors: r-devel-linux-x86_64-debian-gcc, r-devel-linux-x86_64-fedora-gcc, r-devel-windows-x86_64
Version: 0.9.0
Check: dependencies in R code
Result: NOTE
Namespaces in Imports field not imported from:
‘RInside’ ‘circular’
All declared Imports should be used.
Flavors: r-devel-linux-x86_64-fedora-clang, r-devel-linux-x86_64-fedora-gcc, r-release-macos-arm64, r-release-macos-x86_64, r-oldrel-macos-arm64, r-oldrel-macos-x86_64
Version: 0.9.0
Check: installed package size
Result: NOTE
installed size is 7.4Mb
sub-directories of 1Mb or more:
data 1.8Mb
libs 5.0Mb
Flavors: r-release-macos-arm64, r-release-macos-x86_64, r-oldrel-macos-arm64, r-oldrel-macos-x86_64, r-oldrel-windows-ix86+x86_64