CRAN Package Check Results for Package CircStats

Last updated on 2024-07-22 21:56:23 CEST.

Flavor Version Tinstall Tcheck Ttotal Status Flags
r-devel-linux-x86_64-debian-clang 0.2-6 4.81 37.57 42.38 NOTE
r-devel-linux-x86_64-debian-gcc 0.2-6 2.72 28.22 30.94 NOTE
r-devel-linux-x86_64-fedora-clang 0.2-6 53.40 NOTE
r-devel-linux-x86_64-fedora-gcc 0.2-6 48.93 NOTE
r-devel-windows-x86_64 0.2-6 5.00 55.00 60.00 NOTE
r-patched-linux-x86_64 0.2-6 4.65 34.94 39.59 NOTE
r-release-linux-x86_64 0.2-6 4.53 35.47 40.00 NOTE
r-release-macos-arm64 0.2-6 21.00 NOTE
r-release-macos-x86_64 0.2-6 28.00 NOTE
r-release-windows-x86_64 0.2-6 5.00 54.00 59.00 NOTE
r-oldrel-macos-arm64 0.2-6 21.00 OK
r-oldrel-macos-x86_64 0.2-6 27.00 OK
r-oldrel-windows-x86_64 0.2-6 6.00 57.00 63.00 OK

Check Details

Version: 0.2-6
Check: Rd files
Result: NOTE checkRd: (-1) rstable.Rd:42: Lost braces 42 | Lo\"{g}ae\"{v}e, M. (1977). Probability Theory I. (fourth edition) Springer-Verlag, New York. | ^ checkRd: (-1) rstable.Rd:42: Lost braces 42 | Lo\"{g}ae\"{v}e, M. (1977). Probability Theory I. (fourth edition) Springer-Verlag, New York. | ^ Flavors: r-devel-linux-x86_64-debian-clang, r-devel-linux-x86_64-debian-gcc, r-devel-linux-x86_64-fedora-clang, r-devel-linux-x86_64-fedora-gcc, r-devel-windows-x86_64, r-patched-linux-x86_64, r-release-linux-x86_64, r-release-macos-arm64, r-release-macos-x86_64, r-release-windows-x86_64

Version: 0.2-6
Check: Rd cross-references
Result: NOTE Found the following Rd file(s) with Rd \link{} targets missing package anchors: circ.plot.Rd: eqscplot Please provide package anchors for all Rd \link{} targets not in the package itself and the base packages. Flavors: r-devel-linux-x86_64-debian-gcc, r-devel-windows-x86_64