CRAN Package Check Results for Package ClimProjDiags

Last updated on 2022-01-16 19:49:21 CET.

Flavor Version Tinstall Tcheck Ttotal Status Flags
r-devel-linux-x86_64-debian-clang 0.1.3 6.22 51.46 57.68 OK
r-devel-linux-x86_64-debian-gcc 0.1.3 3.45 44.75 48.20 OK
r-devel-linux-x86_64-fedora-clang 0.1.3 71.00 NOTE
r-devel-linux-x86_64-fedora-gcc 0.1.3 59.18 OK
r-devel-windows-x86_64-new-UL 0.1.3 82.00 79.00 161.00 OK
r-devel-windows-x86_64-new-TK 0.1.3 OK
r-patched-linux-x86_64 0.1.3 6.04 50.47 56.51 OK
r-release-linux-x86_64 0.1.3 OK
r-release-macos-arm64 0.1.3 OK
r-release-macos-x86_64 0.1.3 OK
r-release-windows-ix86+x86_64 0.1.3 11.00 66.00 77.00 OK
r-oldrel-macos-x86_64 0.1.3 OK
r-oldrel-windows-ix86+x86_64 0.1.3 11.00 65.00 76.00 OK

Check Details

Version: 0.1.3
Check: Rd cross-references
Result: NOTE
    Undeclared package ‘s2dv’ in Rd xrefs
Flavor: r-devel-linux-x86_64-fedora-clang