CRAN Package Check Results for Package ClussCluster

Last updated on 2023-01-29 19:54:00 CET.

Flavor Version Tinstall Tcheck Ttotal Status Flags
r-devel-linux-x86_64-debian-clang 0.1.0 6.35 74.52 80.87 OK
r-devel-linux-x86_64-debian-gcc 0.1.0 5.51 55.22 60.73 OK
r-devel-linux-x86_64-fedora-clang 0.1.0 103.36 NOTE
r-devel-linux-x86_64-fedora-gcc 0.1.0 107.07 NOTE
r-devel-windows-x86_64 0.1.0 30.00 100.00 130.00 OK
r-patched-linux-x86_64 0.1.0 6.56 71.76 78.32 OK
r-release-linux-x86_64 0.1.0 5.32 71.98 77.30 OK
r-release-macos-arm64 0.1.0 29.00 NOTE
r-release-macos-x86_64 0.1.0 58.00 NOTE
r-release-windows-x86_64 0.1.0 18.00 107.00 125.00 OK
r-oldrel-macos-arm64 0.1.0 42.00 NOTE
r-oldrel-macos-x86_64 0.1.0 58.00 NOTE
r-oldrel-windows-ix86+x86_64 0.1.0 17.00 101.00 118.00 OK

Check Details

Version: 0.1.0
Check: dependencies in R code
Result: NOTE
    Namespace in Imports field not imported from: ‘utils’
     All declared Imports should be used.
Flavors: r-devel-linux-x86_64-fedora-clang, r-devel-linux-x86_64-fedora-gcc, r-release-macos-arm64, r-release-macos-x86_64, r-oldrel-macos-arm64, r-oldrel-macos-x86_64