CRAN Package Check Results for Package CoDiNA

Last updated on 2023-09-26 23:04:09 CEST.

Flavor Version Tinstall Tcheck Ttotal Status Flags
r-devel-linux-x86_64-debian-clang 1.1.2 5.95 51.15 57.10 OK
r-devel-linux-x86_64-debian-gcc 1.1.2 4.88 37.47 42.35 OK
r-devel-linux-x86_64-fedora-clang 1.1.2 71.11 OK
r-devel-linux-x86_64-fedora-gcc 1.1.2 68.01 OK
r-devel-windows-x86_64 1.1.2 8.00 58.00 66.00 OK
r-patched-linux-x86_64 1.1.2 4.27 47.11 51.38 OK
r-release-linux-x86_64 1.1.2 4.80 48.02 52.82 OK
r-release-macos-arm64 1.1.2 25.00 OK
r-release-macos-x86_64 1.1.2 38.00 NOTE
r-release-windows-x86_64 1.1.2 9.00 65.00 74.00 OK
r-oldrel-macos-arm64 1.1.2 25.00 OK
r-oldrel-macos-x86_64 1.1.2 32.00 OK
r-oldrel-windows-x86_64 1.1.2 10.00 67.00 77.00 OK

Check Details

Version: 1.1.2
Check: package dependencies
Result: NOTE
    Package suggested but not available for checking: ‘wTO’
Flavor: r-release-macos-x86_64