CRAN Package Check Results for Package CoMiRe

Last updated on 2024-02-27 19:54:34 CET.

Flavor Version Tinstall Tcheck Ttotal Status Flags
r-devel-linux-x86_64-debian-clang 0.8 88.22 70.68 158.90 NOTE
r-devel-linux-x86_64-debian-gcc 0.8 64.28 52.54 116.82 NOTE
r-devel-linux-x86_64-fedora-clang 0.8 250.17 NOTE
r-devel-linux-x86_64-fedora-gcc 0.8 224.47 NOTE
r-devel-windows-x86_64 0.8 69.00 93.00 162.00 OK
r-patched-linux-x86_64 0.8 84.30 65.75 150.05 OK
r-release-linux-x86_64 0.8 89.04 68.09 157.13 OK
r-release-macos-arm64 0.8 49.00 OK
r-release-macos-x86_64 0.8 71.00 OK
r-release-windows-x86_64 0.8 88.00 113.00 201.00 OK
r-oldrel-macos-arm64 0.8 51.00 OK
r-oldrel-windows-x86_64 0.8 83.00 107.00 190.00 OK

Check Details

Version: 0.8
Check: Rd files
Result: NOTE checkRd: (-1) BMD.Rd:21: Lost braces in \itemize; \value handles \item{}{} directly checkRd: (-1) BMD.Rd:22: Lost braces in \itemize; \value handles \item{}{} directly checkRd: (-1) BMD.Rd:23: Lost braces in \itemize; \value handles \item{}{} directly checkRd: (-1) BMD.Rd:24: Lost braces in \itemize; \value handles \item{}{} directly checkRd: (-1) BMD.Rd:25: Lost braces in \itemize; \value handles \item{}{} directly checkRd: (-1) add.risk.Rd:30: Lost braces in \itemize; \value handles \item{}{} directly checkRd: (-1) add.risk.Rd:31: Lost braces in \itemize; \value handles \item{}{} directly checkRd: (-1) comire.gibbs.Rd:66: Lost braces in \itemize; \value handles \item{}{} directly checkRd: (-1) comire.gibbs.Rd:67-68: Lost braces in \itemize; \value handles \item{}{} directly checkRd: (-1) comire.gibbs.Rd:69: Lost braces in \itemize; \value handles \item{}{} directly checkRd: (-1) comire.gibbs.Rd:70: Lost braces in \itemize; \value handles \item{}{} directly checkRd: (-1) comire.gibbs.Rd:71: Lost braces in \itemize; \value handles \item{}{} directly checkRd: (-1) comire.gibbs.Rd:72: Lost braces in \itemize; \value handles \item{}{} directly checkRd: (-1) comire.gibbs.Rd:73: Lost braces in \itemize; \value handles \item{}{} directly checkRd: (-1) comire.gibbs.Rd:74: Lost braces in \itemize; \value handles \item{}{} directly checkRd: (-1) comire.gibbs.Rd:75: Lost braces in \itemize; \value handles \item{}{} directly checkRd: (-1) comire.gibbs.Rd:76: Lost braces in \itemize; \value handles \item{}{} directly Flavors: r-devel-linux-x86_64-debian-clang, r-devel-linux-x86_64-debian-gcc, r-devel-linux-x86_64-fedora-clang, r-devel-linux-x86_64-fedora-gcc