CRAN Package Check Results for Package CoOL

Last updated on 2024-02-24 19:50:35 CET.

Flavor Version Tinstall Tcheck Ttotal Status Flags
r-devel-linux-x86_64-debian-clang 1.1.2 38.41 59.41 97.82 NOTE
r-devel-linux-x86_64-debian-gcc 1.1.2 32.49 44.27 76.76 NOTE
r-devel-linux-x86_64-fedora-clang 1.1.2 130.50 NOTE
r-devel-linux-x86_64-fedora-gcc 1.1.2 139.55 NOTE
r-devel-windows-x86_64 1.1.2 33.00 93.00 126.00 NOTE
r-patched-linux-x86_64 1.1.2 38.78 56.62 95.40 NOTE
r-release-linux-x86_64 1.1.2 41.53 55.47 97.00 NOTE
r-release-macos-arm64 1.1.2 39.00 NOTE
r-release-macos-x86_64 1.1.2 62.00 NOTE
r-release-windows-x86_64 1.1.2 41.00 106.00 147.00 NOTE
r-oldrel-macos-arm64 1.1.2 46.00 OK
r-oldrel-windows-x86_64 1.1.2 42.00 95.00 137.00 OK

Check Details

Version: 1.1.2
Check: C++ specification
Result: NOTE Specified C++11: please drop specification unless essential Flavors: r-devel-linux-x86_64-debian-clang, r-devel-linux-x86_64-debian-gcc, r-devel-linux-x86_64-fedora-clang, r-devel-linux-x86_64-fedora-gcc, r-devel-windows-x86_64, r-patched-linux-x86_64, r-release-linux-x86_64, r-release-macos-arm64, r-release-macos-x86_64, r-release-windows-x86_64

Version: 1.1.2
Check: package dependencies
Result: NOTE Package suggested but not available for checking: ‘ggtree’ Flavor: r-devel-linux-x86_64-fedora-gcc