CRAN Package Check Results for Package Coinprofile

Last updated on 2021-01-18 19:50:00 CET.

Flavor Version Tinstall Tcheck Ttotal Status Flags
r-devel-linux-x86_64-debian-clang 0.1.9 3.33 35.05 38.38 OK
r-devel-linux-x86_64-debian-gcc 0.1.9 2.43 25.79 28.22 OK
r-devel-linux-x86_64-fedora-clang 0.1.9 57.15 NOTE
r-devel-linux-x86_64-fedora-gcc 0.1.9 47.51 NOTE
r-devel-windows-ix86+x86_64 0.1.9 6.00 39.00 45.00 OK
r-patched-linux-x86_64 0.1.9 2.91 32.88 35.79 OK
r-patched-solaris-x86 0.1.9 62.20 NOTE
r-release-linux-x86_64 0.1.9 3.53 32.84 36.37 OK
r-release-macos-x86_64 0.1.9 NOTE
r-release-windows-ix86+x86_64 0.1.9 7.00 43.00 50.00 OK
r-oldrel-macos-x86_64 0.1.9 NOTE
r-oldrel-windows-ix86+x86_64 0.1.9 6.00 54.00 60.00 OK

Check Details

Version: 0.1.9
Check: dependencies in R code
Result: NOTE
    Namespaces in Imports field not imported from:
     ‘Rdpack’ ‘coin’ ‘ggplot2’ ‘plyr’
     All declared Imports should be used.
Flavors: r-devel-linux-x86_64-fedora-clang, r-devel-linux-x86_64-fedora-gcc, r-patched-solaris-x86, r-release-macos-x86_64, r-oldrel-macos-x86_64