Last updated on 2023-01-27 19:49:28 CET.
Flavor | Version | Tinstall | Tcheck | Ttotal | Status | Flags |
---|---|---|---|---|---|---|
r-devel-linux-x86_64-debian-clang | 0.1.0 | 3.41 | 39.73 | 43.14 | OK | |
r-devel-linux-x86_64-debian-gcc | 0.1.0 | 2.32 | 30.25 | 32.57 | OK | |
r-devel-linux-x86_64-fedora-clang | 0.1.0 | 56.03 | NOTE | |||
r-devel-linux-x86_64-fedora-gcc | 0.1.0 | 54.23 | NOTE | |||
r-devel-windows-x86_64 | 0.1.0 | 13.00 | 65.00 | 78.00 | OK | |
r-patched-linux-x86_64 | 0.1.0 | 3.22 | 40.12 | 43.34 | OK | |
r-release-linux-x86_64 | 0.1.0 | 2.98 | 39.70 | 42.68 | OK | |
r-release-macos-arm64 | 0.1.0 | 18.00 | NOTE | |||
r-release-macos-x86_64 | 0.1.0 | 35.00 | NOTE | |||
r-release-windows-x86_64 | 0.1.0 | 17.00 | 67.00 | 84.00 | OK | |
r-oldrel-macos-arm64 | 0.1.0 | 26.00 | NOTE | |||
r-oldrel-macos-x86_64 | 0.1.0 | 24.00 | NOTE | |||
r-oldrel-windows-ix86+x86_64 | 0.1.0 | 7.00 | 66.00 | 73.00 | OK |
Version: 0.1.0
Check: data for non-ASCII characters
Result: NOTE
Note: found 742 marked UTF-8 strings
Flavors: r-devel-linux-x86_64-fedora-clang, r-devel-linux-x86_64-fedora-gcc, r-release-macos-arm64, r-release-macos-x86_64, r-oldrel-macos-arm64, r-oldrel-macos-x86_64