CRAN Package Check Results for Package Compack

Last updated on 2021-11-28 19:48:47 CET.

Flavor Version Tinstall Tcheck Ttotal Status Flags
r-devel-linux-x86_64-debian-clang 0.1.0 NOTE
r-devel-linux-x86_64-debian-gcc 0.1.0 35.18 277.41 312.59 NOTE
r-devel-linux-x86_64-fedora-clang 0.1.0 495.77 NOTE
r-devel-linux-x86_64-fedora-gcc 0.1.0 445.29 NOTE
r-devel-windows-x86_64-new-UL 0.1.0 63.00 408.00 471.00 NOTE
r-devel-windows-x86_64-new-TK 0.1.0 NOTE
r-devel-windows-x86_64-old 0.1.0 52.00 344.00 396.00 NOTE
r-patched-linux-x86_64 0.1.0 38.75 331.05 369.80 NOTE
r-patched-solaris-x86 0.1.0 324.00 NOTE
r-release-linux-x86_64 0.1.0 39.97 328.42 368.39 NOTE
r-release-macos-arm64 0.1.0 NOTE
r-release-macos-x86_64 0.1.0 NOTE
r-release-windows-ix86+x86_64 0.1.0 106.00 512.00 618.00 NOTE
r-oldrel-macos-x86_64 0.1.0 OK
r-oldrel-windows-ix86+x86_64 0.1.0 108.00 497.00 605.00 OK

Check Details

Version: 0.1.0
Check: LazyData
Result: NOTE
     'LazyData' is specified without a 'data' directory
Flavors: r-devel-linux-x86_64-debian-clang, r-devel-linux-x86_64-debian-gcc, r-devel-linux-x86_64-fedora-clang, r-devel-linux-x86_64-fedora-gcc, r-devel-windows-x86_64-new-UL, r-devel-windows-x86_64-new-TK, r-devel-windows-x86_64-old, r-patched-linux-x86_64, r-patched-solaris-x86, r-release-linux-x86_64, r-release-macos-arm64, r-release-macos-x86_64, r-release-windows-ix86+x86_64