CRAN Package Check Results for Package CompareCausalNetworks

Last updated on 2021-11-28 19:48:47 CET.

Flavor Version Tinstall Tcheck Ttotal Status Flags
r-devel-linux-x86_64-debian-clang 0.2.6.2 NOTE
r-devel-linux-x86_64-debian-gcc 0.2.6.2 8.30 86.23 94.53 NOTE
r-devel-linux-x86_64-fedora-clang 0.2.6.2 159.02 NOTE
r-devel-linux-x86_64-fedora-gcc 0.2.6.2 151.28 NOTE
r-devel-windows-x86_64-new-UL 0.2.6.2 20.00 173.00 193.00 NOTE
r-devel-windows-x86_64-new-TK 0.2.6.2 NOTE
r-devel-windows-x86_64-old 0.2.6.2 12.00 139.00 151.00 OK
r-patched-linux-x86_64 0.2.6.2 9.00 107.05 116.05 NOTE
r-patched-solaris-x86 0.2.6.2 200.50 NOTE
r-release-linux-x86_64 0.2.6.2 11.69 107.00 118.69 NOTE
r-release-macos-arm64 0.2.6.2 NOTE
r-release-macos-x86_64 0.2.6.2 NOTE
r-release-windows-ix86+x86_64 0.2.6.2 22.00 98.00 120.00 OK
r-oldrel-macos-x86_64 0.2.6.2 NOTE
r-oldrel-windows-ix86+x86_64 0.2.6.2 19.00 136.00 155.00 OK

Check Details

Version: 0.2.6.2
Check: package dependencies
Result: NOTE
    Package suggested but not available for checking: 'CAM'
Flavors: r-devel-linux-x86_64-debian-clang, r-devel-linux-x86_64-debian-gcc, r-devel-linux-x86_64-fedora-clang, r-devel-linux-x86_64-fedora-gcc, r-devel-windows-x86_64-new-UL, r-devel-windows-x86_64-new-TK, r-patched-linux-x86_64, r-patched-solaris-x86, r-release-linux-x86_64, r-release-macos-x86_64

Version: 0.2.6.2
Check: package dependencies
Result: NOTE
    Packages suggested but not available for checking: 'pcalg', 'CAM'
Flavor: r-release-macos-arm64

Version: 0.2.6.2
Check: package dependencies
Result: NOTE
    Packages suggested but not available for checking: 'CAM', 'flare'
Flavor: r-oldrel-macos-x86_64