CRAN Package Check Results for Package CondIndTests

Last updated on 2021-11-28 19:48:47 CET.

Flavor Version Tinstall Tcheck Ttotal Status Flags
r-devel-linux-x86_64-debian-clang 0.1.5 NOTE
r-devel-linux-x86_64-debian-gcc 0.1.5 9.49 268.18 277.67 NOTE
r-devel-linux-x86_64-fedora-clang 0.1.5 401.79 NOTE
r-devel-linux-x86_64-fedora-gcc 0.1.5 399.37 NOTE
r-devel-windows-x86_64-new-UL 0.1.5 20.00 383.00 403.00 NOTE
r-devel-windows-x86_64-new-TK 0.1.5 NOTE
r-devel-windows-x86_64-old 0.1.5 12.00 413.00 425.00 NOTE
r-patched-linux-x86_64 0.1.5 10.72 326.22 336.94 NOTE
r-patched-solaris-x86 0.1.5 745.50 NOTE
r-release-linux-x86_64 0.1.5 9.21 322.23 331.44 NOTE
r-release-macos-arm64 0.1.5 NOTE
r-release-macos-x86_64 0.1.5 NOTE
r-release-windows-ix86+x86_64 0.1.5 24.00 326.00 350.00 NOTE
r-oldrel-macos-x86_64 0.1.5 OK
r-oldrel-windows-ix86+x86_64 0.1.5 17.00 424.00 441.00 OK

Check Details

Version: 0.1.5
Check: LazyData
Result: NOTE
     'LazyData' is specified without a 'data' directory
Flavors: r-devel-linux-x86_64-debian-clang, r-devel-linux-x86_64-debian-gcc, r-devel-linux-x86_64-fedora-clang, r-devel-linux-x86_64-fedora-gcc, r-devel-windows-x86_64-new-UL, r-devel-windows-x86_64-new-TK, r-devel-windows-x86_64-old, r-patched-linux-x86_64, r-patched-solaris-x86, r-release-linux-x86_64, r-release-macos-arm64, r-release-macos-x86_64, r-release-windows-ix86+x86_64