Last updated on 2023-01-28 19:52:11 CET.
Flavor | Version | Tinstall | Tcheck | Ttotal | Status | Flags |
---|---|---|---|---|---|---|
r-devel-linux-x86_64-debian-clang | 1.0.1 | 25.41 | 191.76 | 217.17 | OK | |
r-devel-linux-x86_64-debian-gcc | 1.0.1 | 21.63 | 146.74 | 168.37 | OK | |
r-devel-linux-x86_64-fedora-clang | 1.0.1 | 287.80 | OK | |||
r-devel-linux-x86_64-fedora-gcc | 1.0.1 | 269.44 | OK | |||
r-devel-windows-x86_64 | 1.0.1 | 191.00 | 231.00 | 422.00 | OK | |
r-patched-linux-x86_64 | 1.0.1 | 20.02 | 188.55 | 208.57 | OK | |
r-release-linux-x86_64 | 1.0.1 | 18.47 | 188.55 | 207.02 | OK | |
r-release-macos-arm64 | 1.0.1 | 77.00 | OK | |||
r-release-macos-x86_64 | 1.0.1 | 101.00 | OK | |||
r-release-windows-x86_64 | 1.0.1 | 354.00 | 230.00 | 584.00 | OK | |
r-oldrel-macos-arm64 | 1.0.1 | 72.00 | OK | |||
r-oldrel-macos-x86_64 | 1.0.1 | 99.00 | OK | |||
r-oldrel-windows-ix86+x86_64 | 1.0.1 | 51.00 | 221.00 | 272.00 | ERROR |
Version: 1.0.1
Check: PDF version of manual
Result: WARN
LaTeX errors when creating PDF version.
This typically indicates Rd problems.
LaTeX errors found:
! Package inputenc Error: Unicode char â<c2><80><c2><90> (U+2010)
(inputenc) not set up for use with LaTeX.
See the inputenc package documentation for explanation.
Type H <return> for immediate help.
! Package inputenc Error: Unicode char â<c2><80><c2><90> (U+2010)
(inputenc) not set up for use with LaTeX.
See the inputenc package documentation for explanation.
Type H <return> for immediate help.
Flavor: r-oldrel-windows-ix86+x86_64
Version: 1.0.1
Check: PDF version of manual without hyperrefs or index
Result: ERROR
Flavor: r-oldrel-windows-ix86+x86_64