CRAN Package Check Results for Package CopernicusDEM

Last updated on 2023-01-29 19:54:00 CET.

Flavor Version Tinstall Tcheck Ttotal Status Flags
r-devel-linux-x86_64-debian-clang 1.0.2 5.72 58.01 63.73 OK
r-devel-linux-x86_64-debian-gcc 1.0.2 4.62 43.52 48.14 OK
r-devel-linux-x86_64-fedora-clang 1.0.2 76.62 NOTE
r-devel-linux-x86_64-fedora-gcc 1.0.2 84.09 OK
r-devel-windows-x86_64 1.0.2 20.00 87.00 107.00 NOTE
r-patched-linux-x86_64 1.0.2 4.14 57.00 61.14 OK
r-release-linux-x86_64 1.0.2 5.88 57.26 63.14 OK
r-release-macos-arm64 1.0.2 23.00 NOTE
r-release-macos-x86_64 1.0.2 38.00 NOTE
r-release-windows-x86_64 1.0.2 18.00 87.00 105.00 NOTE
r-oldrel-macos-arm64 1.0.2 22.00 NOTE
r-oldrel-macos-x86_64 1.0.2 35.00 NOTE
r-oldrel-windows-ix86+x86_64 1.0.2 15.00 84.00 99.00 NOTE

Check Details

Version: 1.0.2
Check: installed package size
Result: NOTE
     installed size is 7.5Mb
     sub-directories of 1Mb or more:
     doc 2.3Mb
     vignette_data 2.6Mb
Flavors: r-devel-linux-x86_64-fedora-clang, r-devel-windows-x86_64, r-release-macos-arm64, r-release-macos-x86_64, r-release-windows-x86_64, r-oldrel-macos-arm64, r-oldrel-macos-x86_64, r-oldrel-windows-ix86+x86_64