Last updated on 2023-02-07 19:58:05 CET.
Flavor | Version | Tinstall | Tcheck | Ttotal | Status | Flags |
---|---|---|---|---|---|---|
r-devel-linux-x86_64-debian-clang | 0.1.7 | 3.55 | 77.00 | 80.55 | OK | |
r-devel-linux-x86_64-debian-gcc | 0.1.7 | 2.00 | 54.32 | 56.32 | OK | |
r-devel-linux-x86_64-fedora-clang | 0.1.7 | 1.22 | ERROR | |||
r-devel-linux-x86_64-fedora-gcc | 0.1.7 | 110.73 | OK | |||
r-devel-windows-x86_64 | 0.1.7 | 13.00 | 108.00 | 121.00 | OK | |
r-patched-linux-x86_64 | 0.1.7 | 2.40 | 70.88 | 73.28 | OK | |
r-release-linux-x86_64 | 0.1.7 | 3.21 | 71.67 | 74.88 | OK | |
r-release-macos-arm64 | 0.1.7 | 27.00 | OK | |||
r-release-macos-x86_64 | 0.1.7 | 42.00 | OK | |||
r-release-windows-x86_64 | 0.1.7 | 19.00 | 110.00 | 129.00 | OK | |
r-oldrel-macos-arm64 | 0.1.7 | 28.00 | OK | |||
r-oldrel-macos-x86_64 | 0.1.7 | 43.00 | OK | |||
r-oldrel-windows-ix86+x86_64 | 0.1.7 | 8.00 | 105.00 | 113.00 | OK |
Version: 0.1.7
Check: package dependencies
Result: ERROR
Package required but not available: ‘Rdisop’
See section ‘The DESCRIPTION file’ in the ‘Writing R Extensions’
manual.
Flavor: r-devel-linux-x86_64-fedora-clang