CRAN Package Check Results for Package CorrectOverloadedPeaks

Last updated on 2022-06-27 21:51:17 CEST.

Flavor Version Tinstall Tcheck Ttotal Status Flags
r-devel-linux-x86_64-debian-clang 1.2.17 4.29 55.85 60.14 OK
r-devel-linux-x86_64-debian-gcc 1.2.17 3.06 41.03 44.09 OK
r-devel-linux-x86_64-fedora-clang 1.2.17 82.86 OK
r-devel-linux-x86_64-fedora-gcc 1.2.17 80.20 OK
r-devel-windows-x86_64 1.2.17 64.00 86.00 150.00 OK
r-patched-linux-x86_64 1.2.17 4.39 55.31 59.70 OK
r-release-linux-x86_64 1.2.17 3.53 54.73 58.26 OK
r-release-macos-arm64 1.2.17 22.00 NOTE
r-release-macos-x86_64 1.2.17 35.00 OK
r-release-windows-x86_64 1.2.17 54.00 85.00 139.00 OK
r-oldrel-macos-arm64 1.2.17 31.00 NOTE
r-oldrel-macos-x86_64 1.2.17 49.00 OK
r-oldrel-windows-ix86+x86_64 1.2.17 7.00 77.00 84.00 OK

Check Details

Version: 1.2.17
Check: package dependencies
Result: NOTE
    Package suggested but not available for checking: ‘xcms’
Flavors: r-release-macos-arm64, r-oldrel-macos-arm64