CRAN Package Check Results for Package Countr

Last updated on 2024-02-20 19:51:01 CET.

Flavor Version Tinstall Tcheck Ttotal Status Flags
r-devel-linux-x86_64-debian-clang 3.5.8 OK
r-devel-linux-x86_64-debian-gcc 3.5.8 135.69 132.56 268.25 OK
r-devel-linux-x86_64-fedora-clang 3.5.8 491.82 OK
r-devel-linux-x86_64-fedora-gcc 3.5.8 487.77 OK
r-devel-windows-x86_64 3.5.8 126.00 220.00 346.00 OK
r-patched-linux-x86_64 3.5.8 134.96 172.69 307.65 OK
r-release-linux-x86_64 3.5.8 151.12 171.50 322.62 OK
r-release-macos-arm64 3.5.8 116.00 NOTE
r-release-macos-x86_64 3.5.8 193.00 NOTE
r-release-windows-x86_64 3.5.8 165.00 241.00 406.00 OK
r-oldrel-macos-arm64 3.5.8 120.00 NOTE
r-oldrel-windows-x86_64 3.5.8 155.00 236.00 391.00 OK

Check Details

Version: 3.5.8
Check: installed package size
Result: NOTE installed size is 8.2Mb sub-directories of 1Mb or more: doc 1.9Mb libs 5.3Mb Flavors: r-release-macos-arm64, r-release-macos-x86_64, r-oldrel-macos-arm64