CRAN Package Check Results for Package DAP

Last updated on 2021-12-05 19:49:20 CET.

Flavor Version Tinstall Tcheck Ttotal Status Flags
r-devel-linux-x86_64-debian-clang 1.0 2.53 23.22 25.75 NOTE
r-devel-linux-x86_64-debian-gcc 1.0 2.03 24.84 26.87 NOTE
r-devel-linux-x86_64-fedora-clang 1.0 43.75 NOTE
r-devel-linux-x86_64-fedora-gcc 1.0 33.55 NOTE
r-devel-windows-x86_64-new-UL 1.0 9.00 60.00 69.00 NOTE
r-devel-windows-x86_64-new-TK 1.0 NOTE
r-devel-windows-x86_64-old 1.0 6.00 35.00 41.00 NOTE
r-patched-linux-x86_64 1.0 2.80 22.13 24.93 NOTE
r-release-linux-x86_64 1.0 2.35 30.76 33.11 NOTE
r-release-macos-arm64 1.0 NOTE
r-release-macos-x86_64 1.0 NOTE
r-release-windows-ix86+x86_64 1.0 9.00 50.00 59.00 NOTE
r-oldrel-macos-x86_64 1.0 OK
r-oldrel-windows-ix86+x86_64 1.0 9.00 49.00 58.00 OK

Check Details

Version: 1.0
Check: LazyData
Result: NOTE
     'LazyData' is specified without a 'data' directory
Flavors: r-devel-linux-x86_64-debian-clang, r-devel-linux-x86_64-debian-gcc, r-devel-linux-x86_64-fedora-clang, r-devel-linux-x86_64-fedora-gcc, r-devel-windows-x86_64-new-UL, r-devel-windows-x86_64-new-TK, r-devel-windows-x86_64-old, r-patched-linux-x86_64, r-release-linux-x86_64, r-release-macos-arm64, r-release-macos-x86_64, r-release-windows-ix86+x86_64