CRAN Package Check Results for Package DATAstudio

Last updated on 2024-06-24 21:56:44 CEST.

Flavor Version Tinstall Tcheck Ttotal Status Flags
r-devel-linux-x86_64-debian-clang 1.1 5.06 54.86 59.92 NOTE
r-devel-linux-x86_64-debian-gcc 1.1 4.72 41.61 46.33 NOTE
r-devel-linux-x86_64-fedora-clang 1.1 80.24 NOTE
r-devel-linux-x86_64-fedora-gcc 1.1 74.42 NOTE
r-devel-windows-x86_64 1.1 7.00 67.00 74.00 NOTE
r-patched-linux-x86_64 1.1 7.23 52.23 59.46 NOTE
r-release-linux-x86_64 1.1 5.79 52.51 58.30 NOTE
r-release-macos-arm64 1.1 33.00 NOTE
r-release-macos-x86_64 1.1 42.00 NOTE
r-release-windows-x86_64 1.1 7.00 68.00 75.00 NOTE
r-oldrel-macos-arm64 1.1 35.00 OK
r-oldrel-macos-x86_64 1.1 45.00 OK
r-oldrel-windows-x86_64 1.1 9.00 77.00 86.00 OK

Check Details

Version: 1.1
Check: Rd files
Result: NOTE checkRd: (-1) alps.Rd:14-16: Lost braces in \itemize; meant \describe ? checkRd: (-1) alps.Rd:17-19: Lost braces in \itemize; meant \describe ? checkRd: (-1) alps.Rd:20-22: Lost braces in \itemize; meant \describe ? checkRd: (-1) brexit.Rd:13-15: Lost braces in \itemize; meant \describe ? checkRd: (-1) brexit.Rd:16-18: Lost braces in \itemize; meant \describe ? checkRd: (-1) brexit.Rd:19-21: Lost braces in \itemize; meant \describe ? checkRd: (-1) brexit.Rd:22-24: Lost braces in \itemize; meant \describe ? checkRd: (-1) cortical.Rd:14-16: Lost braces in \itemize; meant \describe ? checkRd: (-1) cortical.Rd:17-19: Lost braces in \itemize; meant \describe ? checkRd: (-1) cortical.Rd:20-22: Lost braces in \itemize; meant \describe ? checkRd: (-1) cortical.Rd:23-25: Lost braces in \itemize; meant \describe ? checkRd: (-1) cortical.Rd:26-30: Lost braces in \itemize; meant \describe ? checkRd: (-1) cortical.Rd:31-33: Lost braces in \itemize; meant \describe ? checkRd: (-1) diabetes.Rd:17-20: Lost braces in \itemize; meant \describe ? checkRd: (-1) diabetes.Rd:21-24: Lost braces in \itemize; meant \describe ? checkRd: (-1) diabetes.Rd:25-27: Lost braces in \itemize; meant \describe ? checkRd: (-1) fire.Rd:13: Lost braces in \itemize; meant \describe ? checkRd: (-1) fire.Rd:14: Lost braces in \itemize; meant \describe ? checkRd: (-1) fire.Rd:15: Lost braces in \itemize; meant \describe ? checkRd: (-1) fire.Rd:16: Lost braces in \itemize; meant \describe ? checkRd: (-1) fire.Rd:17: Lost braces in \itemize; meant \describe ? checkRd: (-1) madeira.Rd:12-14: Lost braces in \itemize; meant \describe ? checkRd: (-1) madeira.Rd:15-17: Lost braces in \itemize; meant \describe ? checkRd: (-1) madeira.Rd:18-20: Lost braces in \itemize; meant \describe ? checkRd: (-1) madeira.Rd:21-24: Lost braces in \itemize; meant \describe ? checkRd: (-1) madeira.Rd:25-27: Lost braces in \itemize; meant \describe ? checkRd: (-1) madeira.Rd:28-30: Lost braces in \itemize; meant \describe ? checkRd: (-1) madeira.Rd:31-33: Lost braces in \itemize; meant \describe ? checkRd: (-1) madeira.Rd:34-36: Lost braces in \itemize; meant \describe ? checkRd: (-1) metsynd.Rd:17-19: Lost braces in \itemize; meant \describe ? checkRd: (-1) metsynd.Rd:20-22: Lost braces in \itemize; meant \describe ? checkRd: (-1) metsynd.Rd:23-26: Lost braces in \itemize; meant \describe ? checkRd: (-1) metsynd.Rd:27-30: Lost braces in \itemize; meant \describe ? Flavors: r-devel-linux-x86_64-debian-clang, r-devel-linux-x86_64-debian-gcc, r-devel-linux-x86_64-fedora-clang, r-devel-linux-x86_64-fedora-gcc, r-devel-windows-x86_64, r-patched-linux-x86_64, r-release-linux-x86_64, r-release-macos-arm64, r-release-macos-x86_64, r-release-windows-x86_64