CRAN Package Check Results for Package DBI

Last updated on 2022-11-30 19:53:25 CET.

Flavor Version Tinstall Tcheck Ttotal Status Flags
r-devel-linux-x86_64-debian-clang 1.1.3 8.27 88.17 96.44 OK
r-devel-linux-x86_64-debian-gcc 1.1.3 4.63 66.87 71.50 OK
r-devel-linux-x86_64-fedora-clang 1.1.3 137.84 NOTE
r-devel-linux-x86_64-fedora-gcc 1.1.3 153.33 OK
r-devel-windows-x86_64 1.1.3 68.00 374.00 442.00 OK
r-patched-linux-x86_64 1.1.3 9.49 79.70 89.19 OK
r-release-linux-x86_64 1.1.3 6.73 86.57 93.30 OK
r-release-macos-arm64 1.1.3 93.00 OK
r-release-macos-x86_64 1.1.3 149.00 OK
r-release-windows-x86_64 1.1.3 72.00 348.00 420.00 OK
r-oldrel-macos-arm64 1.1.3 92.00 OK
r-oldrel-macos-x86_64 1.1.3 160.00 OK
r-oldrel-windows-ix86+x86_64 1.1.3 21.00 118.00 139.00 OK

Check Details

Version: 1.1.3
Check: Rd cross-references
Result: NOTE
    Undeclared package ‘withr’ in Rd xrefs
Flavor: r-devel-linux-x86_64-fedora-clang