Last updated on 2023-02-07 19:58:05 CET.
Flavor | Version | Tinstall | Tcheck | Ttotal | Status | Flags |
---|---|---|---|---|---|---|
r-devel-linux-x86_64-debian-clang | 0.9.9-2 | 2.99 | 31.21 | 34.20 | OK | |
r-devel-linux-x86_64-debian-gcc | 0.9.9-2 | 1.82 | 24.64 | 26.46 | OK | |
r-devel-linux-x86_64-fedora-clang | 0.9.9-2 | 44.66 | NOTE | |||
r-devel-linux-x86_64-fedora-gcc | 0.9.9-2 | 44.10 | OK | |||
r-devel-windows-x86_64 | 0.9.9-2 | 14.00 | 58.00 | 72.00 | OK | |
r-patched-linux-x86_64 | 0.9.9-2 | 2.49 | 31.61 | 34.10 | OK | |
r-release-linux-x86_64 | 0.9.9-2 | 2.42 | 30.39 | 32.81 | OK | |
r-release-macos-arm64 | 0.9.9-2 | 18.00 | OK | |||
r-release-macos-x86_64 | 0.9.9-2 | 27.00 | OK | |||
r-release-windows-x86_64 | 0.9.9-2 | 12.00 | 61.00 | 73.00 | OK | |
r-oldrel-macos-arm64 | 0.9.9-2 | 21.00 | OK | |||
r-oldrel-macos-x86_64 | 0.9.9-2 | 27.00 | OK | |||
r-oldrel-windows-ix86+x86_64 | 0.9.9-2 | 6.00 | 54.00 | 60.00 | OK |
Version: 0.9.9-2
Check: Rd cross-references
Result: NOTE
Undeclared package ‘duckdb’ in Rd xrefs
Flavor: r-devel-linux-x86_64-fedora-clang