CRAN Package Check Results for Package DChaos

Last updated on 2024-06-18 21:48:18 CEST.

Flavor Version Tinstall Tcheck Ttotal Status Flags
r-devel-linux-x86_64-debian-clang 0.1-7 5.92 43.16 49.08 NOTE
r-devel-linux-x86_64-debian-gcc 0.1-7 4.12 31.76 35.88 NOTE
r-devel-linux-x86_64-fedora-clang 0.1-7 60.97 NOTE
r-devel-linux-x86_64-fedora-gcc 0.1-7 74.90 NOTE
r-devel-windows-x86_64 0.1-7 5.00 54.00 59.00 NOTE
r-patched-linux-x86_64 0.1-7 5.34 41.16 46.50 NOTE
r-release-linux-x86_64 0.1-7 5.50 40.02 45.52 NOTE
r-release-macos-arm64 0.1-7 25.00 NOTE
r-release-macos-x86_64 0.1-7 38.00 NOTE
r-release-windows-x86_64 0.1-7 5.00 59.00 64.00 NOTE
r-oldrel-macos-arm64 0.1-7 27.00 OK
r-oldrel-macos-x86_64 0.1-7 37.00 OK
r-oldrel-windows-x86_64 0.1-7 6.00 57.00 63.00 OK

Check Details

Version: 0.1-7
Check: Rd files
Result: NOTE checkRd: (-1) lyapunov.Rd:57: Lost braces; missing escapes or markup? 57 | This function returns several objects considering the parameter set selected by the user. The largest Lyapunov exponent (Norma-2 procedure) and the Lyapunov exponent spectrum (QR decomposition procedure) by each blocking method are estimated. It also contains some useful information about the estimated jacobian, the best-fitted feed-forward single hidden layer neural net model, the best set of weights found, the fitted values, the residuals obtained, the best embedding parameters set chosen, the sample size or the block length considered by each blocking method. This function provides the standard error, the z test value and the p-value for testing the null hypothesis \eqn{H0: \lambda_k > 0 for k = 1,2,3, \ldots, m}. Reject the null hypothesis ${H_0}$ means lack of chaotic behaviour. That is, the data-generating process does not have a chaotic attractor because of it does not show the property of sensitivity to initial conditions. | ^ checkRd: (-1) lyapunov.max.Rd:24: Lost braces; missing escapes or markup? 24 | This function returns several objects considering the parameter set selected by the user. The largest Lyapunov exponent considering the Norma-2 procedure by each blocking method are estimated. It also contains some useful information about the estimated jacobian, the best-fitted feed-forward single hidden layer neural net model, the best set of weights found, the fitted values, the residuals obtained, the best embedding parameters set chosen, the sample size or the block length considered by each blocking method. This function provides the standard error, the z test value and the p-value for testing the null hypothesis \eqn{H0: \lambda_k > 0 for k = 1} (largest). Reject the null hypothesis ${H_0}$ means lack of chaotic behaviour. That is, the data-generating process does not have a chaotic attractor because of it does not show the property of sensitivity to initial conditions. | ^ checkRd: (-1) lyapunov.spec.Rd:24: Lost braces; missing escapes or markup? 24 | This function returns several objects considering the parameter set selected by the user. The Lyapunov exponent spectrum considering the QR decomposition procedure by each blocking method are estimated. It also contains some useful information about the estimated jacobian, the best-fitted feed-forward single hidden layer neural net model, the best set of weights found, the fitted values, the residuals obtained, the best embedding parameters set chosen, the sample size or the block length considered by each blocking method. This function provides the standard error, the z test value and the p-value for testing the null hypothesis \eqn{H0: \lambda_k > 0 for k = 1,2,3, \ldots, m} (full spectrum). Reject the null hypothesis ${H_0}$ means lack of chaotic behaviour. That is, the data-generating process does not have a chaotic attractor because of it does not show the property of sensitivity to initial conditions. | ^ Flavors: r-devel-linux-x86_64-debian-clang, r-devel-linux-x86_64-debian-gcc, r-devel-linux-x86_64-fedora-clang, r-devel-linux-x86_64-fedora-gcc, r-devel-windows-x86_64, r-patched-linux-x86_64, r-release-linux-x86_64, r-release-macos-arm64, r-release-macos-x86_64, r-release-windows-x86_64