CRAN Package Check Results for Package DDD

Last updated on 2021-11-26 20:49:32 CET.

Flavor Version Tinstall Tcheck Ttotal Status Flags
r-devel-linux-x86_64-debian-clang 5.0 98.41 126.57 224.98 OK
r-devel-linux-x86_64-debian-gcc 5.0 78.46 95.78 174.24 OK
r-devel-linux-x86_64-fedora-clang 5.0 320.26 NOTE
r-devel-linux-x86_64-fedora-gcc 5.0 300.87 NOTE
r-devel-windows-x86_64-new-UL 5.0 135.00 198.00 333.00 OK
r-devel-windows-x86_64-new-TK 5.0 NOTE
r-devel-windows-x86_64-old 5.0 96.00 151.00 247.00 OK
r-patched-linux-x86_64 5.0 92.48 122.72 215.20 OK
r-patched-solaris-x86 5.0 407.30 NOTE
r-release-linux-x86_64 5.0 OK
r-release-macos-arm64 5.0 NOTE
r-release-macos-x86_64 5.0 NOTE
r-release-windows-ix86+x86_64 5.0 239.00 252.00 491.00 OK
r-oldrel-macos-x86_64 5.0 NOTE
r-oldrel-windows-ix86+x86_64 5.0 179.00 251.00 430.00 OK

Check Details

Version: 5.0
Check: installed package size
Result: NOTE
     installed size is 7.1Mb
     sub-directories of 1Mb or more:
     libs 6.6Mb
Flavors: r-devel-linux-x86_64-fedora-clang, r-release-macos-arm64, r-release-macos-x86_64, r-oldrel-macos-x86_64

Version: 5.0
Check: dependencies in R code
Result: NOTE
    Namespace in Imports field not imported from: ‘Rcpp’
     All declared Imports should be used.
Flavors: r-devel-linux-x86_64-fedora-clang, r-devel-linux-x86_64-fedora-gcc, r-devel-windows-x86_64-new-TK, r-patched-solaris-x86, r-release-macos-arm64, r-release-macos-x86_64, r-oldrel-macos-x86_64