CRAN Package Check Results for Package DEPONS2R

Last updated on 2021-12-08 19:51:28 CET.

Flavor Version Tinstall Tcheck Ttotal Status Flags
r-devel-linux-x86_64-debian-clang 1.0.3 38.94 247.57 286.51 OK
r-devel-linux-x86_64-debian-gcc 1.0.3 30.72 187.45 218.17 OK
r-devel-linux-x86_64-fedora-clang 1.0.3 349.65 NOTE
r-devel-linux-x86_64-fedora-gcc 1.0.3 340.02 NOTE
r-devel-windows-x86_64-new-UL 1.0.3 61.00 283.00 344.00 OK
r-devel-windows-x86_64-new-TK 1.0.3 NOTE
r-devel-windows-x86_64-old 1.0.3 56.00 274.00 330.00 OK
r-patched-linux-x86_64 1.0.3 40.32 244.40 284.72 OK
r-release-linux-x86_64 1.0.3 39.29 245.83 285.12 OK
r-release-macos-arm64 1.0.3 NOTE
r-release-macos-x86_64 1.0.3 NOTE
r-release-windows-ix86+x86_64 1.0.3 51.00 264.00 315.00 OK
r-oldrel-macos-x86_64 1.0.3 NOTE
r-oldrel-windows-ix86+x86_64 1.0.3 78.00 278.00 356.00 OK

Check Details

Version: 1.0.3
Check: dependencies in R code
Result: NOTE
    Namespace in Imports field not imported from: ‘grDevices’
     All declared Imports should be used.
Flavors: r-devel-linux-x86_64-fedora-clang, r-devel-linux-x86_64-fedora-gcc, r-devel-windows-x86_64-new-TK, r-release-macos-arm64, r-release-macos-x86_64, r-oldrel-macos-x86_64