CRAN Package Check Results for Package DEoptimR

Last updated on 2022-01-25 19:50:28 CET.

Flavor Version Tinstall Tcheck Ttotal Status Flags
r-devel-linux-x86_64-debian-clang 1.0-10 1.98 38.52 40.50 OK
r-devel-linux-x86_64-debian-gcc 1.0-10 1.56 32.42 33.98 OK
r-devel-linux-x86_64-fedora-clang 1.0-10 50.06 NOTE
r-devel-linux-x86_64-fedora-gcc 1.0-10 39.65 OK
r-devel-windows-x86_64-new-UL 1.0-10 25.00 56.00 81.00 OK
r-devel-windows-x86_64-new-TK 1.0-10 OK
r-patched-linux-x86_64 1.0-10 1.99 36.52 38.51 OK
r-release-linux-x86_64 1.0-10 1.51 36.32 37.83 OK
r-release-macos-arm64 1.0-10 OK
r-release-macos-x86_64 1.0-10 OK
r-release-windows-ix86+x86_64 1.0-10 5.00 45.00 50.00 OK
r-oldrel-macos-x86_64 1.0-10 OK
r-oldrel-windows-ix86+x86_64 1.0-10 4.00 33.00 37.00 OK

Check Details

Version: 1.0-10
Check: Rd cross-references
Result: NOTE
    Undeclared package ‘DEoptim’ in Rd xrefs
Flavor: r-devel-linux-x86_64-fedora-clang