CRAN Package Check Results for Package DGM

Last updated on 2024-02-26 19:50:06 CET.

Flavor Version Tinstall Tcheck Ttotal Status Flags
r-devel-linux-x86_64-debian-clang 1.7.4 43.15 127.74 170.89 NOTE
r-devel-linux-x86_64-debian-gcc 1.7.4 34.48 94.18 128.66 NOTE
r-devel-linux-x86_64-fedora-clang 1.7.4 219.40 NOTE
r-devel-linux-x86_64-fedora-gcc 1.7.4 211.03 NOTE
r-devel-windows-x86_64 1.7.4 38.00 128.00 166.00 NOTE
r-patched-linux-x86_64 1.7.4 41.66 120.42 162.08 NOTE
r-release-linux-x86_64 1.7.4 37.33 122.54 159.87 NOTE
r-release-macos-arm64 1.7.4 57.00 NOTE
r-release-macos-x86_64 1.7.4 106.00 NOTE
r-release-windows-x86_64 1.7.4 47.00 158.00 205.00 NOTE
r-oldrel-macos-arm64 1.7.4 58.00 OK
r-oldrel-windows-x86_64 1.7.4 45.00 155.00 200.00 OK

Check Details

Version: 1.7.4
Check: C++ specification
Result: NOTE Specified C++11: please drop specification unless essential Flavors: r-devel-linux-x86_64-debian-clang, r-devel-linux-x86_64-debian-gcc, r-devel-linux-x86_64-fedora-clang, r-devel-linux-x86_64-fedora-gcc, r-devel-windows-x86_64, r-patched-linux-x86_64, r-release-linux-x86_64, r-release-macos-arm64, r-release-macos-x86_64, r-release-windows-x86_64