CRAN Package Check Results for Package DMLLZU

Last updated on 2024-02-26 19:50:06 CET.

Flavor Version Tinstall Tcheck Ttotal Status Flags
r-devel-linux-x86_64-debian-clang 0.1.1 17.16 136.10 153.26 NOTE
r-devel-linux-x86_64-debian-gcc 0.1.1 12.72 102.02 114.74 NOTE
r-devel-linux-x86_64-fedora-clang 0.1.1 185.50 NOTE
r-devel-linux-x86_64-fedora-gcc 0.1.1 176.03 NOTE
r-devel-windows-x86_64 0.1.1 14.00 108.00 122.00 NOTE
r-patched-linux-x86_64 0.1.1 10.72 130.14 140.86 OK
r-release-linux-x86_64 0.1.1 10.55 130.89 141.44 OK
r-release-macos-arm64 0.1.1 55.00 OK
r-release-macos-x86_64 0.1.1 94.00 OK
r-release-windows-x86_64 0.1.1 20.00 131.00 151.00 OK
r-oldrel-macos-arm64 0.1.1 50.00 OK
r-oldrel-windows-x86_64 0.1.1 19.00 137.00 156.00 OK

Check Details

Version: 0.1.1
Check: Rd contents
Result: NOTE Argument items with no description in Rd file 'dml_bagging.Rd': ‘y,x,d,data,sed’ Argument items with no description in Rd file 'dml_boosting.Rd': ‘y,x,d,data,sed’ Argument items with no description in Rd file 'dml_ensemble_lm.Rd': ‘y,x,d,data,sed’ Argument items with no description in Rd file 'dml_ensemble_rf.Rd': ‘y,x,d,data,sed’ Argument items with no description in Rd file 'dml_neural_network.Rd': ‘y,x,d,data,sed’ Argument items with no description in Rd file 'dml_random_forest.Rd': ‘y,x,d,data,sed’ Flavors: r-devel-linux-x86_64-debian-clang, r-devel-linux-x86_64-debian-gcc, r-devel-linux-x86_64-fedora-clang, r-devel-linux-x86_64-fedora-gcc, r-devel-windows-x86_64